{"id":3166,"date":"2021-05-12T15:01:19","date_gmt":"2021-05-12T20:01:19","guid":{"rendered":"https:\/\/metropolisconference.ca\/?post_type=event&#038;p=3166"},"modified":"2021-07-06T13:01:14","modified_gmt":"2021-07-06T17:01:14","slug":"covid-19s-impact-on-migration-and-borders-in-canada-the-usa-and-mexico","status":"publish","type":"event","link":"https:\/\/metropolisconference.ca\/en\/event\/covid-19s-impact-on-migration-and-borders-in-canada-the-usa-and-mexico\/","title":{"rendered":"Metropolis North America Migration Policy Forum"},"content":{"rendered":"\n<section class=\"wp-block-acerspyro-ca-tab-block\" title=\"Summary\">\n<h2 class=\"has-text-align-center wp-block-heading\">SUMMARY<\/h2>\n\n\n\n<h2 class=\"has-text-align-center wp-block-heading\">COVID-19\u2019s Impact on Migration and Borders in Canada, the USA and Mexico<\/h2>\n\n\n\n<div style=\"height:20px\" aria-hidden=\"true\" class=\"wp-block-spacer\"><\/div>\n\n\n\n<p><em>To view the French version, please <a href=\"https:\/\/metropolisconference.ca\/fr\/evenement\/limpact-de-la-covid-19-sur-la-migration-et-les-frontieres-au-canada-aux-etats-unis-et-au-mexique\/?view=R%25C3%25A9sum%25C3%25A9\" class=\"rank-math-link\">click here<\/a>.<\/em><\/p>\n\n\n\n<p>The annual <strong>Metropolis North America (MNA) Migration Policy Forum<\/strong> has become an important three-country platform for exchanging evidence-based ideas and practices on migration and identities. The Forum enables participants to share knowledge and key lessons on policy issues in the United States, Mexico and Canada. <\/p>\n\n\n\n<p><strong>From June 28-29, 2021<\/strong> we will hold a virtual forum aimed at showcasing the research on the Canadian Institutes of Health Research (CIHR) funded project on differential impacts of COVID-19 on immigrants, Indigenous peoples and vulnerable communities in the three countries.<\/p>\n\n\n\n<p><strong>On day 1, June 28<sup>th<\/sup><\/strong>, the Forum will feature sessions that will offer two country or three country comparisons of findings from the surveys associated with the CIHR research project. Questions to be addressed include:<\/p>\n\n\n\n<ul class=\"wp-block-list\"><li>To what extent have socioeconomic inequalities faced by newcomers, Indigenous peoples and vulnerable communities influenced their experience of COVID-19 and its related social and economic restrictions? <\/li><li>Are there differences between groups in Mexico, USA and Canada on these health measures? Are there similarities? What can we learn from these? <\/li><li>How have COVID-19 related government-imposed regulations differentially influenced the mental, physical health and well-being of Immigrants,&nbsp; Indigenous peoples and vulnerable communities?&nbsp;<\/li><li>Personal and community fear of getting COVID-19 by country and socio-demographics \/ Where information is obtained about COVID-19 and how it shapes attitudes \/ Vaccine acceptance and hesitancy \/ Mental health and depression \/ Physical health and symptoms \/ Trust of people and institutions \/ Compliance with public safety measures<\/li><li>Access to services \/ Personal finances and economic impacts of COVID-19<\/li><li>Services to newcomers \/ Identity, attachment and responses to the crisis \/ Discrimination and prejudice \/ Relations between communities<\/li><\/ul>\n\n\n\n<p><strong>Day 2 of the Forum, June 29<sup>th<\/sup><\/strong>, will focus specifically on cross border movement between the three countries. At present land borders between Canada and the United States remain closed and there is no official time table or proposal aimed at reopening the land border. Exceptions are made for cross border movement under certain conditions.&nbsp;<\/p>\n\n\n\n<p>Day 2 will convene policy makers at all three levels of government in Canada and the United States, Indigenous representatives as well as researchers in the two countries to consider proposals for reopening the border and what might the conditions be for doing so. The day will feature two plenary sessions and three round tables that will include US-Canada border Mayors, Indigenous leaders, researchers, business leaders and public health officials.&nbsp;<\/p>\n\n\n\n<p>Note that a publication will be produced based on the content that will be presented by speakers at the Forum.<\/p>\n\n\n\n<p><strong>For additional information<\/strong>, <strong>e-mail <span style=\"text-decoration: underline;\">metropolis@acs-aec.ca<\/span><\/strong>.<\/p>\n\n\n\n<div style=\"height:20px\" aria-hidden=\"true\" class=\"wp-block-spacer\"><\/div>\n\n\n\n<div class=\"wp-block-buttons is-content-justification-center is-layout-flex wp-block-buttons-is-layout-flex\">\n<div class=\"wp-block-button\"><a class=\"wp-block-button__link\" href=\"https:\/\/metropolisconference.ca\/en\/event\/covid-19s-impact-on-migration-and-borders-in-canada-the-usa-and-mexico\/?view=Registration\"><strong>CLICK HERE TO REGISTER<\/strong><\/a><\/div>\n<\/div>\n<\/section>\n\n\n\n<section class=\"wp-block-acerspyro-ca-tab-block\" title=\"Program\">\n<h2 class=\"has-text-align-center wp-block-heading\">PROGRAM<\/h2>\n\n\n\n<div style=\"height:20px\" aria-hidden=\"true\" class=\"wp-block-spacer\"><\/div>\n\n\n\n<p class=\"has-text-align-center\"><strong>Click on the program below to access all the Zoom links for each session.<\/strong><\/p>\n\n\n\n<div class=\"wp-block-image\"><figure class=\"aligncenter size-large is-resized\"><a href=\"https:\/\/metropolisconference.ca\/wp-content\/uploads\/2021\/06\/Preliminary-Program-MNA-Forum-June-28-29-2021.pdf\" target=\"_blank\" rel=\"noopener\"><img decoding=\"async\" src=\"https:\/\/metropolisconference.ca\/wp-content\/uploads\/2021\/06\/Capture.png\" alt=\"\" class=\"wp-image-3315\" height=\"400\" srcset=\"https:\/\/metropolisconference.ca\/wp-content\/uploads\/2021\/06\/Capture.png 648w, https:\/\/metropolisconference.ca\/wp-content\/uploads\/2021\/06\/Capture-231x300.png 231w, https:\/\/metropolisconference.ca\/wp-content\/uploads\/2021\/06\/Capture-600x779.png 600w\" sizes=\"(max-width: 648px) 100vw, 648px\" \/><\/a><\/figure><\/div>\n\n\n\n<div style=\"height:20px\" aria-hidden=\"true\" class=\"wp-block-spacer\"><\/div>\n\n\n\n<div class=\"wp-block-buttons is-content-justification-center is-layout-flex wp-block-buttons-is-layout-flex\">\n<div class=\"wp-block-button\"><a class=\"wp-block-button__link\" href=\"https:\/\/metropolisconference.ca\/wp-content\/uploads\/2021\/06\/Preliminary-Program-MNA-Forum-June-28-29-2021.pdf\" target=\"_blank\" rel=\"noreferrer noopener\"><strong>VIEW THE PROGRAM<\/strong><\/a><\/div>\n<\/div>\n<\/section>\n\n\n\n<section class=\"wp-block-acerspyro-ca-tab-block\" title=\"Registration\">\n<h2 class=\"has-text-align-center wp-block-heading\">ReGISTRATION<\/h2>\n\n\n\n<div style=\"height:20px\" aria-hidden=\"true\" class=\"wp-block-spacer\"><\/div>\n\n\n<p>[wctable]<\/p>\n<\/section>\n\n\n\n<section class=\"wp-block-acerspyro-ca-tab-block\" title=\"Espa\u00f1ol\">\n<h2 class=\"has-text-align-center wp-block-heading\">Resumen<\/h2>\n\n\n\n<h2 class=\"has-text-align-center wp-block-heading\">EL IMPACTO DE COVID-19 EN LA MIGRACI\u00d3N Y LAS FRONTERAS EN CANAD\u00c1, ESTADOS UNIDOS Y M\u00c9XICO<\/h2>\n\n\n\n<div style=\"height:20px\" aria-hidden=\"true\" class=\"wp-block-spacer\"><\/div>\n\n\n\n<div class=\"wp-block-buttons is-content-justification-center is-layout-flex wp-block-buttons-is-layout-flex\">\n<div class=\"wp-block-button\"><a class=\"wp-block-button__link\" href=\"https:\/\/metropolisconference.ca\/en\/event\/covid-19s-impact-on-migration-and-borders-in-canada-the-usa-and-mexico\/?view=Registration\"><strong>HAGA CLIC AQU\u00cd PARA REGISTRARSE<\/strong><\/a><\/div>\n<\/div>\n\n\n\n<div style=\"height:20px\" aria-hidden=\"true\" class=\"wp-block-spacer\"><\/div>\n\n\n\n<div class=\"wp-block-image\"><figure class=\"aligncenter size-large is-resized\"><a href=\"https:\/\/metropolisconference.ca\/wp-content\/uploads\/2021\/06\/Preliminary-Program-MNA-Forum-June-28-29-2021.pdf\" target=\"_blank\" rel=\"noopener\"><img decoding=\"async\" src=\"https:\/\/metropolisconference.ca\/wp-content\/uploads\/2021\/06\/Capture.png\" alt=\"\" class=\"wp-image-3315\" height=\"400\" srcset=\"https:\/\/metropolisconference.ca\/wp-content\/uploads\/2021\/06\/Capture.png 648w, https:\/\/metropolisconference.ca\/wp-content\/uploads\/2021\/06\/Capture-231x300.png 231w, https:\/\/metropolisconference.ca\/wp-content\/uploads\/2021\/06\/Capture-600x779.png 600w\" sizes=\"(max-width: 648px) 100vw, 648px\" \/><\/a><\/figure><\/div>\n\n\n\n<div style=\"height:20px\" aria-hidden=\"true\" class=\"wp-block-spacer\"><\/div>\n\n\n\n<div class=\"wp-block-buttons is-content-justification-center is-layout-flex wp-block-buttons-is-layout-flex\">\n<div class=\"wp-block-button\"><a class=\"wp-block-button__link\" href=\"https:\/\/metropolisconference.ca\/wp-content\/uploads\/2021\/06\/Preliminary-Program-MNA-Forum-June-28-29-2021.pdf\" target=\"_blank\" rel=\"noreferrer noopener\"><strong>VER EL PROGRAMA<\/strong> (EN INGL\u00c9S O FRANC\u00c9S)<\/a><\/div>\n<\/div>\n\n\n\n<div style=\"height:20px\" aria-hidden=\"true\" class=\"wp-block-spacer\"><\/div>\n\n\n\n<p>El <strong>Foro anual de Pol\u00edticas Migratorias de Metr\u00f3polis Norteam\u00e9rica<\/strong> (MNA) se ha convertido en una importante plataforma de tres pa\u00edses para el intercambio de ideas y pr\u00e1cticas basadas en pruebas sobre migraci\u00f3n e identidades. El Foro permite a los participantes compartir conocimientos y lecciones clave sobre cuestiones pol\u00edticas en Estados Unidos, M\u00e9xico y Canad\u00e1. <\/p>\n\n\n\n<p><strong>Los d\u00edas 28 y 29 de junio de 2021<\/strong> celebraremos un foro virtual destinado a mostrar la investigaci\u00f3n del proyecto financiado por el Canadian Institutes of Health Research (CIHR) sobre los impactos diferenciales del COVID-19 en los inmigrantes, los pueblos ind\u00edgenas y las comunidades vulnerables de los tres pa\u00edses.<\/p>\n\n\n\n<p><strong>El primer d\u00eda, el 28 de junio,<\/strong> el Foro contar\u00e1 con sesiones que ofrecer\u00e1n comparaciones entre dos o tres pa\u00edses de los resultados de las encuestas asociadas al proyecto de investigaci\u00f3n del CIHR. Entre las cuestiones que se abordar\u00e1n figuran:<\/p>\n\n\n\n<ul class=\"wp-block-list\"><li>\u00bfEn qu\u00e9 medida las desigualdades socioecon\u00f3micas a las que se enfrentan los reci\u00e9n llegados, los pueblos ind\u00edgenas y las comunidades vulnerables han influido en su experiencia del COVID-19 y en las restricciones sociales y econ\u00f3micas que conlleva? <\/li><li>\u00bfExisten diferencias entre los grupos de M\u00e9xico, Estados Unidos y Canad\u00e1 en estas medidas de salud? \u00bfHay similitudes? \u00bfQu\u00e9 podemos aprender de ellas? <\/li><li>\u00bfC\u00f3mo han influido las regulaciones impuestas por el gobierno relacionadas con la COVID-19 de manera diferencial en la salud mental, f\u00edsica y el bienestar de los inmigrantes, los pueblos ind\u00edgenas y las comunidades vulnerables?<\/li><li>Temor personal y de la comunidad a contraer COVID-19 por pa\u00eds y caracter\u00edsticas socio demogr\u00e1ficas \/ D\u00f3nde se obtiene la informaci\u00f3n sobre COVID-19 y c\u00f3mo influye en las actitudes \/ Aceptaci\u00f3n de la vacuna y dudas al respecto \/ Salud mental y depresi\u00f3n \/ Salud f\u00edsica y s\u00edntomas&nbsp;\/ Confianza de las personas e instituciones&nbsp;\/ Cumplimiento de las medidas de seguridad p\u00fablica<\/li><li>Acceso a los servicios&nbsp;\/ Finanzas personales e impactos econ\u00f3micos de COVID-19<\/li><li>Servicios a los reci\u00e9n llegados&nbsp;\/ Identidad, apego y respuestas a la crisis&nbsp;\/ Discriminaci\u00f3n y prejuicios&nbsp;\/ Relaciones entre comunidades<\/li><\/ul>\n\n\n\n<p><strong>El segundo d\u00eda del Foro, el 29 de junio<\/strong>, se centrar\u00e1 espec\u00edficamente en la circulaci\u00f3n transfronteriza entre los tres pa\u00edses. En la actualidad, las fronteras terrestres entre Canad\u00e1 y Estados Unidos permanecen cerradas y no existe un calendario oficial ni una propuesta encaminada a reabrir la frontera terrestre. Se hacen excepciones para el movimiento transfronterizo bajo ciertas condiciones.&nbsp;<\/p>\n\n\n\n<p>El segundo d\u00eda reunir\u00e1 a responsables pol\u00edticos de los tres niveles de gobierno de Canad\u00e1 y Estados Unidos, a representantes ind\u00edgenas e investigadores de los dos pa\u00edses para estudiar propuestas de reapertura de la frontera y cu\u00e1les podr\u00edan ser las condiciones para hacerlo. La jornada contar\u00e1 con dos sesiones plenarias y tres mesas redondas en las que participar\u00e1n alcaldes de la frontera entre Estados Unidos y Canad\u00e1, l\u00edderes ind\u00edgenas, investigadores, empresarios y funcionarios de salud p\u00fablica.&nbsp;<\/p>\n\n\n\n<p>Tenga en cuenta que se elaborar\u00e1 una publicaci\u00f3n basada en el contenido que presentar\u00e1n los ponentes del Foro.<\/p>\n\n\n\n<p><strong>Para m\u00e1s informaci\u00f3n, env\u00ede un correo electr\u00f3nico a <span style=\"text-decoration: underline;\">metropolis@acs-aec.ca<\/span>.<\/strong><\/p>\n<\/section>\n\n\n\n<div style=\"height:50px\" aria-hidden=\"true\" class=\"wp-block-spacer\"><\/div>\n\n\n\n<div class=\"wp-block-image\"><figure class=\"aligncenter size-large is-resized\"><a href=\"https:\/\/metropolisconference.ca\/wp-content\/uploads\/2021\/05\/logos-banner-CIHR-conf.png\"><img decoding=\"async\" src=\"https:\/\/metropolisconference.ca\/wp-content\/uploads\/2021\/05\/logos-banner-CIHR-conf-1024x155.png\" alt=\"\" class=\"wp-image-3184\" width=\"600\" srcset=\"https:\/\/metropolisconference.ca\/wp-content\/uploads\/2021\/05\/logos-banner-CIHR-conf-1024x155.png 1024w, https:\/\/metropolisconference.ca\/wp-content\/uploads\/2021\/05\/logos-banner-CIHR-conf-300x45.png 300w, https:\/\/metropolisconference.ca\/wp-content\/uploads\/2021\/05\/logos-banner-CIHR-conf-768x116.png 768w, https:\/\/metropolisconference.ca\/wp-content\/uploads\/2021\/05\/logos-banner-CIHR-conf-600x91.png 600w, https:\/\/metropolisconference.ca\/wp-content\/uploads\/2021\/05\/logos-banner-CIHR-conf.png 1439w\" sizes=\"(max-width: 1024px) 100vw, 1024px\" \/><\/a><\/figure><\/div>\n\n\n\n<div style=\"height:30px\" aria-hidden=\"true\" class=\"wp-block-spacer\"><\/div>\n\n\n\n<p><\/p>\n","protected":false},"excerpt":{"rendered":"","protected":false},"featured_media":3277,"template":"","meta":{"_acf_changed":false,"footnotes":""},"class_list":["post-3166","event","type-event","status-publish","has-post-thumbnail","hentry"],"acf":[],"jetpack_sharing_enabled":true,"_links":{"self":[{"href":"https:\/\/metropolisconference.ca\/en\/wp-json\/wp\/v2\/event\/3166","targetHints":{"allow":["GET"]}}],"collection":[{"href":"https:\/\/metropolisconference.ca\/en\/wp-json\/wp\/v2\/event"}],"about":[{"href":"https:\/\/metropolisconference.ca\/en\/wp-json\/wp\/v2\/types\/event"}],"version-history":[{"count":59,"href":"https:\/\/metropolisconference.ca\/en\/wp-json\/wp\/v2\/event\/3166\/revisions"}],"predecessor-version":[{"id":3428,"href":"https:\/\/metropolisconference.ca\/en\/wp-json\/wp\/v2\/event\/3166\/revisions\/3428"}],"wp:featuredmedia":[{"embeddable":true,"href":"https:\/\/metropolisconference.ca\/en\/wp-json\/wp\/v2\/media\/3277"}],"wp:attachment":[{"href":"https:\/\/metropolisconference.ca\/en\/wp-json\/wp\/v2\/media?parent=3166"}],"curies":[{"name":"wp","href":"https:\/\/api.w.org\/{rel}","templated":true}]}}

<section class="wp-block-acerspyro-ca-tab-block" title="Summary">
<h2 class="has-text-align-center wp-block-heading">SUMMARY</h2>



<h2 class="has-text-align-center wp-block-heading">COVID-19’s Impact on Migration and Borders in Canada, the USA and Mexico</h2>



<div style="height:20px" aria-hidden="true" class="wp-block-spacer"></div>



<p><em>To view the French version, please <a href="https://metropolisconference.ca/fr/evenement/limpact-de-la-covid-19-sur-la-migration-et-les-frontieres-au-canada-aux-etats-unis-et-au-mexique/?view=R%25C3%25A9sum%25C3%25A9" class="rank-math-link">click here</a>.</em></p>



<p>The annual <strong>Metropolis North America (MNA) Migration Policy Forum</strong> has become an important three-country platform for exchanging evidence-based ideas and practices on migration and identities. The Forum enables participants to share knowledge and key lessons on policy issues in the United States, Mexico and Canada. </p>



<p><strong>From June 28-29, 2021</strong> we will hold a virtual forum aimed at showcasing the research on the Canadian Institutes of Health Research (CIHR) funded project on differential impacts of COVID-19 on immigrants, Indigenous peoples and vulnerable communities in the three countries.</p>



<p><strong>On day 1, June 28<sup>th</sup></strong>, the Forum will feature sessions that will offer two country or three country comparisons of findings from the surveys associated with the CIHR research project. Questions to be addressed include:</p>



<ul class="wp-block-list"><li>To what extent have socioeconomic inequalities faced by newcomers, Indigenous peoples and vulnerable communities influenced their experience of COVID-19 and its related social and economic restrictions? </li><li>Are there differences between groups in Mexico, USA and Canada on these health measures? Are there similarities? What can we learn from these? </li><li>How have COVID-19 related government-imposed regulations differentially influenced the mental, physical health and well-being of Immigrants,&nbsp; Indigenous peoples and vulnerable communities?&nbsp;</li><li>Personal and community fear of getting COVID-19 by country and socio-demographics / Where information is obtained about COVID-19 and how it shapes attitudes / Vaccine acceptance and hesitancy / Mental health and depression / Physical health and symptoms / Trust of people and institutions / Compliance with public safety measures</li><li>Access to services / Personal finances and economic impacts of COVID-19</li><li>Services to newcomers / Identity, attachment and responses to the crisis / Discrimination and prejudice / Relations between communities</li></ul>



<p><strong>Day 2 of the Forum, June 29<sup>th</sup></strong>, will focus specifically on cross border movement between the three countries. At present land borders between Canada and the United States remain closed and there is no official time table or proposal aimed at reopening the land border. Exceptions are made for cross border movement under certain conditions.&nbsp;</p>



<p>Day 2 will convene policy makers at all three levels of government in Canada and the United States, Indigenous representatives as well as researchers in the two countries to consider proposals for reopening the border and what might the conditions be for doing so. The day will feature two plenary sessions and three round tables that will include US-Canada border Mayors, Indigenous leaders, researchers, business leaders and public health officials.&nbsp;</p>



<p>Note that a publication will be produced based on the content that will be presented by speakers at the Forum.</p>



<p><strong>For additional information</strong>, <strong>e-mail <span style="text-decoration: underline;">metropolis@acs-aec.ca</span></strong>.</p>



<div style="height:20px" aria-hidden="true" class="wp-block-spacer"></div>



<div class="wp-block-buttons is-content-justification-center is-layout-flex wp-block-buttons-is-layout-flex">
<div class="wp-block-button"><a class="wp-block-button__link" href="https://metropolisconference.ca/en/event/covid-19s-impact-on-migration-and-borders-in-canada-the-usa-and-mexico/?view=Registration"><strong>CLICK HERE TO REGISTER</strong></a></div>
</div>
</section>



<section class="wp-block-acerspyro-ca-tab-block" title="Program">
<h2 class="has-text-align-center wp-block-heading">PROGRAM</h2>



<div style="height:20px" aria-hidden="true" class="wp-block-spacer"></div>



<p class="has-text-align-center"><strong>Click on the program below to access all the Zoom links for each session.</strong></p>



<div class="wp-block-image"><figure class="aligncenter size-large is-resized"><a href="https://metropolisconference.ca/wp-content/uploads/2021/06/Preliminary-Program-MNA-Forum-June-28-29-2021.pdf" target="_blank" rel="noopener"><img decoding="async" src="https://metropolisconference.ca/wp-content/uploads/2021/06/Capture.png" alt="" class="wp-image-3315" height="400" srcset="https://metropolisconference.ca/wp-content/uploads/2021/06/Capture.png 648w, https://metropolisconference.ca/wp-content/uploads/2021/06/Capture-231x300.png 231w, https://metropolisconference.ca/wp-content/uploads/2021/06/Capture-600x779.png 600w" sizes="(max-width: 648px) 100vw, 648px" /></a></figure></div>



<div style="height:20px" aria-hidden="true" class="wp-block-spacer"></div>



<div class="wp-block-buttons is-content-justification-center is-layout-flex wp-block-buttons-is-layout-flex">
<div class="wp-block-button"><a class="wp-block-button__link" href="https://metropolisconference.ca/wp-content/uploads/2021/06/Preliminary-Program-MNA-Forum-June-28-29-2021.pdf" target="_blank" rel="noreferrer noopener"><strong>VIEW THE PROGRAM</strong></a></div>
</div>
</section>



<section class="wp-block-acerspyro-ca-tab-block" title="Registration">
<h2 class="has-text-align-center wp-block-heading">ReGISTRATION</h2>



<div style="height:20px" aria-hidden="true" class="wp-block-spacer"></div>


<p>[wctable]</p>
</section>



<section class="wp-block-acerspyro-ca-tab-block" title="Español">
<h2 class="has-text-align-center wp-block-heading">Resumen</h2>



<h2 class="has-text-align-center wp-block-heading">EL IMPACTO DE COVID-19 EN LA MIGRACIÓN Y LAS FRONTERAS EN CANADÁ, ESTADOS UNIDOS Y MÉXICO</h2>



<div style="height:20px" aria-hidden="true" class="wp-block-spacer"></div>



<div class="wp-block-buttons is-content-justification-center is-layout-flex wp-block-buttons-is-layout-flex">
<div class="wp-block-button"><a class="wp-block-button__link" href="https://metropolisconference.ca/en/event/covid-19s-impact-on-migration-and-borders-in-canada-the-usa-and-mexico/?view=Registration"><strong>HAGA CLIC AQUÍ PARA REGISTRARSE</strong></a></div>
</div>



<div style="height:20px" aria-hidden="true" class="wp-block-spacer"></div>



<div class="wp-block-image"><figure class="aligncenter size-large is-resized"><a href="https://metropolisconference.ca/wp-content/uploads/2021/06/Preliminary-Program-MNA-Forum-June-28-29-2021.pdf" target="_blank" rel="noopener"><img decoding="async" src="https://metropolisconference.ca/wp-content/uploads/2021/06/Capture.png" alt="" class="wp-image-3315" height="400" srcset="https://metropolisconference.ca/wp-content/uploads/2021/06/Capture.png 648w, https://metropolisconference.ca/wp-content/uploads/2021/06/Capture-231x300.png 231w, https://metropolisconference.ca/wp-content/uploads/2021/06/Capture-600x779.png 600w" sizes="(max-width: 648px) 100vw, 648px" /></a></figure></div>



<div style="height:20px" aria-hidden="true" class="wp-block-spacer"></div>



<div class="wp-block-buttons is-content-justification-center is-layout-flex wp-block-buttons-is-layout-flex">
<div class="wp-block-button"><a class="wp-block-button__link" href="https://metropolisconference.ca/wp-content/uploads/2021/06/Preliminary-Program-MNA-Forum-June-28-29-2021.pdf" target="_blank" rel="noreferrer noopener"><strong>VER EL PROGRAMA</strong> (EN INGLÉS O FRANCÉS)</a></div>
</div>



<div style="height:20px" aria-hidden="true" class="wp-block-spacer"></div>



<p>El <strong>Foro anual de Políticas Migratorias de Metrópolis Norteamérica</strong> (MNA) se ha convertido en una importante plataforma de tres países para el intercambio de ideas y prácticas basadas en pruebas sobre migración e identidades. El Foro permite a los participantes compartir conocimientos y lecciones clave sobre cuestiones políticas en Estados Unidos, México y Canadá. </p>



<p><strong>Los días 28 y 29 de junio de 2021</strong> celebraremos un foro virtual destinado a mostrar la investigación del proyecto financiado por el Canadian Institutes of Health Research (CIHR) sobre los impactos diferenciales del COVID-19 en los inmigrantes, los pueblos indígenas y las comunidades vulnerables de los tres países.</p>



<p><strong>El primer día, el 28 de junio,</strong> el Foro contará con sesiones que ofrecerán comparaciones entre dos o tres países de los resultados de las encuestas asociadas al proyecto de investigación del CIHR. Entre las cuestiones que se abordarán figuran:</p>



<ul class="wp-block-list"><li>¿En qué medida las desigualdades socioeconómicas a las que se enfrentan los recién llegados, los pueblos indígenas y las comunidades vulnerables han influido en su experiencia del COVID-19 y en las restricciones sociales y económicas que conlleva? </li><li>¿Existen diferencias entre los grupos de México, Estados Unidos y Canadá en estas medidas de salud? ¿Hay similitudes? ¿Qué podemos aprender de ellas? </li><li>¿Cómo han influido las regulaciones impuestas por el gobierno relacionadas con la COVID-19 de manera diferencial en la salud mental, física y el bienestar de los inmigrantes, los pueblos indígenas y las comunidades vulnerables?</li><li>Temor personal y de la comunidad a contraer COVID-19 por país y características socio demográficas / Dónde se obtiene la información sobre COVID-19 y cómo influye en las actitudes / Aceptación de la vacuna y dudas al respecto / Salud mental y depresión / Salud física y síntomas&nbsp;/ Confianza de las personas e instituciones&nbsp;/ Cumplimiento de las medidas de seguridad pública</li><li>Acceso a los servicios&nbsp;/ Finanzas personales e impactos económicos de COVID-19</li><li>Servicios a los recién llegados&nbsp;/ Identidad, apego y respuestas a la crisis&nbsp;/ Discriminación y prejuicios&nbsp;/ Relaciones entre comunidades</li></ul>



<p><strong>El segundo día del Foro, el 29 de junio</strong>, se centrará específicamente en la circulación transfronteriza entre los tres países. En la actualidad, las fronteras terrestres entre Canadá y Estados Unidos permanecen cerradas y no existe un calendario oficial ni una propuesta encaminada a reabrir la frontera terrestre. Se hacen excepciones para el movimiento transfronterizo bajo ciertas condiciones.&nbsp;</p>



<p>El segundo día reunirá a responsables políticos de los tres niveles de gobierno de Canadá y Estados Unidos, a representantes indígenas e investigadores de los dos países para estudiar propuestas de reapertura de la frontera y cuáles podrían ser las condiciones para hacerlo. La jornada contará con dos sesiones plenarias y tres mesas redondas en las que participarán alcaldes de la frontera entre Estados Unidos y Canadá, líderes indígenas, investigadores, empresarios y funcionarios de salud pública.&nbsp;</p>



<p>Tenga en cuenta que se elaborará una publicación basada en el contenido que presentarán los ponentes del Foro.</p>



<p><strong>Para más información, envíe un correo electrónico a <span style="text-decoration: underline;">metropolis@acs-aec.ca</span>.</strong></p>
</section>



<div style="height:50px" aria-hidden="true" class="wp-block-spacer"></div>



<div class="wp-block-image"><figure class="aligncenter size-large is-resized"><a href="https://metropolisconference.ca/wp-content/uploads/2021/05/logos-banner-CIHR-conf.png"><img decoding="async" src="https://metropolisconference.ca/wp-content/uploads/2021/05/logos-banner-CIHR-conf-1024x155.png" alt="" class="wp-image-3184" width="600" srcset="https://metropolisconference.ca/wp-content/uploads/2021/05/logos-banner-CIHR-conf-1024x155.png 1024w, https://metropolisconference.ca/wp-content/uploads/2021/05/logos-banner-CIHR-conf-300x45.png 300w, https://metropolisconference.ca/wp-content/uploads/2021/05/logos-banner-CIHR-conf-768x116.png 768w, https://metropolisconference.ca/wp-content/uploads/2021/05/logos-banner-CIHR-conf-600x91.png 600w, https://metropolisconference.ca/wp-content/uploads/2021/05/logos-banner-CIHR-conf.png 1439w" sizes="(max-width: 1024px) 100vw, 1024px" /></a></figure></div>



<div style="height:30px" aria-hidden="true" class="wp-block-spacer"></div>



<p></p>
