{"id":5033,"date":"2022-02-09T11:50:56","date_gmt":"2022-02-09T16:50:56","guid":{"rendered":"https:\/\/metropolisconference.ca\/?post_type=event&#038;p=5033"},"modified":"2022-04-13T11:23:05","modified_gmt":"2022-04-13T15:23:05","slug":"metropolis-americas-inaugural-conference-in-collaboration-with-the-world-refugee-and-migration-council","status":"publish","type":"event","link":"https:\/\/metropolisconference.ca\/en\/event\/metropolis-americas-inaugural-conference-in-collaboration-with-the-world-refugee-and-migration-council\/","title":{"rendered":"Metropolis Americas&#8217; Inaugural Conference in Collaboration with the World Refugee &#038; Migration Council"},"content":{"rendered":"\n<section class=\"wp-block-acerspyro-ca-tab-block\" title=\"Summary\">\n<h2 class=\"has-text-align-center has-text-color wp-block-heading\" id=\"summary\" style=\"color:#599938\"><strong>SUMMARY<\/strong><\/h2>\n\n\n\n<div style=\"height:20px\" aria-hidden=\"true\" class=\"wp-block-spacer\"><\/div>\n\n\n\n<h2 class=\"has-text-align-center has-text-color wp-block-heading\" id=\"metropolis-americas-inaugural-conference-in-collaboration-with-the-world-refugee-migration-council\" style=\"color:#599938\">Metropolis Americas&#8217; Inaugural Conference in Collaboration with the World Refugee &amp; Migration Council<\/h2>\n\n\n\n<h2 class=\"has-text-align-center has-text-color wp-block-heading\" id=\"bridging-the-americas-on-migration-integration-inclusion\" style=\"color:#599938\"><strong><strong>Bridging the Americas on Migration, Integration, Inclusion<\/strong><\/strong><\/h2>\n\n\n\n<div style=\"height:20px\" aria-hidden=\"true\" class=\"wp-block-spacer\"><\/div>\n\n\n\n<p><em>To view the Spanish version, please <strong><a href=\"https:\/\/metropolisconference.ca\/en\/event\/metropolis-americas-inaugural-conference-in-collaboration-with-the-world-refugee-and-migration-council\/?view=Espa%25C3%25B1ol\" target=\"_blank\" data-type=\"URL\" data-id=\"https:\/\/metropolisconference.ca\/en\/event\/metropolis-americas-inaugural-conference-in-collaboration-with-the-world-refugee-and-migration-council\/?view=Espa%25C3%25B1ol\" rel=\"noreferrer noopener\"><span style=\"text-decoration: underline;\"><span class=\"has-inline-color has-vivid-cyan-blue-color\">click here<\/span><\/span><\/a>.<\/strong><\/em><\/p>\n\n\n\n<p><strong>Join Metropolis Americas\u2019 inaugural event to be held virtually on March 23, 2022.<\/strong><\/p>\n\n\n\n<p>The day-long conference in collaboration with the World Refugee &amp; Migration Council will be an opportunity to hear from experts and practitioners about the key pillars for an Americas conversation about migration. We will explore challenges of regional governance and migration flow management and discuss some of the root causes of regional migration as well as the impact of COVID19.&nbsp;<\/p>\n\n\n\n<p>Over the past decades, the Metropolis Institute has pursued research and supported policy deliberations on a wide spectrum of issues related to migration, integration and inclusion within its dynamic multidisciplinary networks: Metropolis Canada, Metropolis North America focusing on Canada, the USA and Mexico and, since&nbsp; 2021, Metropolis Francophonie Mondiale.&nbsp;<\/p>\n\n\n\n<p>The study of migration is the study of humanity on the move intertwined into the evolving fabric of our societies. This ever changing reality is now at the forefront of all national and international relations as we have seen during the November 2021 North American Leaders\u2019 Summit. The \u2018Tree Amigos\u2019 meeting key deliverables shows the centrality of migration for security and prosperity. The need to establish a solid coordinated \u201c<em>regional response based on the respect of laws and rooted in solidarity with migrants and among states\u201d<\/em> requires that we expand our own conversation beyond North America to the Americas.<\/p>\n\n\n\n<p>Many countries in the Hemisphere have become &#8216;source, transit and destination&#8217; of migrant populations. This results in more countries sharing similar challenges and opportunities if at different scales and with different capacities.&nbsp; The objective of a wider network is also to bring these changes to light and provide a better understanding of the migration continuum.<\/p>\n\n\n\n<p>Join us as we formalize the transition from Metropolis North America to Metropolis Americas and start a new conversation.<\/p>\n\n\n\n<p><strong>For additional information<\/strong>, <strong>e-mail <\/strong><span class=\"has-inline-color has-vivid-cyan-blue-color\"><strong><span style=\"text-decoration: underline;\">majomartinez@acs-aec.ca<\/span><\/strong>.<\/span><\/p>\n\n\n\n<div style=\"height:20px\" aria-hidden=\"true\" class=\"wp-block-spacer\"><\/div>\n\n\n\n<p><\/p>\n<\/section>\n\n\n\n<section class=\"wp-block-acerspyro-ca-tab-block\" title=\"Program\">\n<h2 class=\"has-text-align-center has-text-color wp-block-heading\" id=\"preliminary-program\" style=\"color:#599938\">PROGRAM<\/h2>\n\n\n\n<div data-wp-interactive=\"core\/file\" class=\"wp-block-file aligncenter\"><object data-wp-bind--hidden=\"!state.hasPdfPreview\" hidden class=\"wp-block-file__embed\" data=\"https:\/\/metropolisconference.ca\/wp-content\/uploads\/2022\/03\/Metropolis-Americas-Program-ENG-links.pdf\" type=\"application\/pdf\" style=\"width:100%;height:600px\" aria-label=\"Embed of Embed of Metropolis-Americas-Program-ENG..\"><\/object><a id=\"wp-block-file--media-78321594-ae7b-483d-868a-efc1f08ee758\" href=\"https:\/\/metropolisconference.ca\/wp-content\/uploads\/2022\/03\/Metropolis-Americas-Program-ENG-links.pdf\">Metropolis-Americas-Program-ENG<\/a><a href=\"https:\/\/metropolisconference.ca\/wp-content\/uploads\/2022\/03\/Metropolis-Americas-Program-ENG-links.pdf\" class=\"wp-block-file__button\" download aria-describedby=\"wp-block-file--media-78321594-ae7b-483d-868a-efc1f08ee758\">Download<\/a><\/div>\n\n\n\n<div style=\"height:20px\" aria-hidden=\"true\" class=\"wp-block-spacer\"><\/div>\n\n\n\n<p class=\"has-text-align-center\"><\/p>\n\n\n\n<div style=\"height:20px\" aria-hidden=\"true\" class=\"wp-block-spacer\"><\/div>\n<\/section>\n\n\n\n<section class=\"wp-block-acerspyro-ca-tab-block\" title=\"Espa\u00f1ol\">\n<h2 class=\"has-text-align-center has-text-color wp-block-heading\" id=\"resumen\" style=\"color:#599938\"><strong>Resumen<\/strong><\/h2>\n\n\n\n<p><\/p>\n\n\n\n<h2 class=\"has-text-align-center has-text-color wp-block-heading\" id=\"conferencia-inaugural-de-metropolis-americas-en-colaboracion-con-el-consejo-mundial-para-los-refugiados-y-la-migracion\" style=\"color:#599938\">CONFERENCIA INAUGURAL DE METROPOLIS AMERICAS EN COLABORACI\u00d3N CON EL CONSEJO MUNDIAL PARA LOS REFUGIADOS Y LA MIGRACI\u00d3N <\/h2>\n\n\n\n<h2 class=\"has-text-align-center has-text-color wp-block-heading\" id=\"uniendo-a-las-americas-en-la-migracion-la-integracion-y-la-inclusion\" style=\"color:#599938\"><strong>UNIENDO A LAS AM\u00c9RICAS EN LA MIGRACI\u00d3N, LA INTEGRACI\u00d3N Y LA INCLUSI\u00d3N<\/strong><\/h2>\n\n\n\n<div style=\"height:20px\" aria-hidden=\"true\" class=\"wp-block-spacer\"><\/div>\n\n\n\n<p><strong>Asista al evento inaugural de Metropolis Am\u00e9ricas, que se celebrar\u00e1 virtualmente el 23 de Marzo de 2022.<\/strong><\/p>\n\n\n\n<p>La conferencia de un d\u00eda de duraci\u00f3n, en colaboraci\u00f3n con el Consejo Mundial para los Refugiados y la Migraci\u00f3n, ser\u00e1 una oportunidad para escuchar a expertos y profesionales sobre los pilares clave para una conversaci\u00f3n de las Am\u00e9ricas sobre la migraci\u00f3n. Exploraremos los retos de la gobernanza regional y la gesti\u00f3n de los flujos migratorios y discutiremos algunas de las causas fundamentales de la migraci\u00f3n regional, as\u00ed como el impacto de COVID-19.<\/p>\n\n\n\n<p>Durante las \u00faltimas d\u00e9cadas, el Instituto Metropolis ha investigado y apoyado las deliberaciones pol\u00edticas sobre un amplio espectro de temas relacionados con la migraci\u00f3n, la integraci\u00f3n y la inclusi\u00f3n dentro de sus din\u00e1micas redes multidisciplinares: Metropolis Canad\u00e1, Metropolis Norteam\u00e9rica, centrada en Canad\u00e1, Estados Unidos y M\u00e9xico, y, desde 2021, Metropolis Francophonie Mondiale.<\/p>\n\n\n\n<p>El estudio de la migraci\u00f3n es el estudio de la humanidad en movimiento entrelazada en el tejido evolutivo de nuestras sociedades. Esta realidad siempre cambiante est\u00e1 ahora en primera l\u00ednea de todas las relaciones nacionales e internacionales, como hemos visto durante la Cumbre de L\u00edderes de Am\u00e9rica del Norte de Noviembre de 2021. Los principales resultados de la reuni\u00f3n de &#8220;Los Tres Amigos&#8221; muestran la importancia de la migraci\u00f3n para la seguridad y la prosperidad. La necesidad de establecer una s\u00f3lida y coordinada &#8220;respuesta regional basada en el respeto de las leyes y arraigada en la solidaridad con los migrantes y entre los Estados&#8221; requiere que ampliemos nuestra propia conversaci\u00f3n m\u00e1s all\u00e1 de Am\u00e9rica del Norte hacia las Am\u00e9ricas.<\/p>\n\n\n\n<p>Muchos pa\u00edses del hemisferio se han convertido en &#8220;origen, tr\u00e1nsito y destino&#8221; de poblaciones migrantes. Esto hace que m\u00e1s pa\u00edses compartan retos y oportunidades similares, aunque a diferentes escalas y con diferentes capacidades. El objetivo de una red m\u00e1s amplia es tambi\u00e9n sacar a la luz estos cambios y proporcionar una mejor comprensi\u00f3n del continuo migratorio.<\/p>\n\n\n\n<p>Acomp\u00e1\u00f1enos en la formalizaci\u00f3n de la transici\u00f3n de Metropolis Norteam\u00e9rica a Metropolis Am\u00e9ricas y a entablar una nueva conversaci\u00f3n.<\/p>\n\n\n\n<p><strong>Para m\u00e1s informaci\u00f3n, env\u00ede un correo electr\u00f3nico a <span class=\"has-inline-color has-vivid-cyan-blue-color\"><span style=\"text-decoration: underline;\">majomartinez@acs-aec.ca<\/span>.<\/span><\/strong><\/p>\n\n\n\n<hr class=\"wp-block-separator\"\/>\n\n\n\n<h2 class=\"has-text-align-center has-text-color wp-block-heading\" id=\"resumen\" style=\"color:#599938\"><strong>PROGRAMA<\/strong><\/h2>\n\n\n\n<div data-wp-interactive=\"core\/file\" class=\"wp-block-file aligncenter\"><object data-wp-bind--hidden=\"!state.hasPdfPreview\" hidden class=\"wp-block-file__embed\" data=\"https:\/\/metropolisconference.ca\/wp-content\/uploads\/2022\/03\/Metropolis-Americas-Program-SPA-links.pdf\" type=\"application\/pdf\" style=\"width:100%;height:600px\" aria-label=\"Embed of Embed of Metropolis-Americas-Program-SPA..\"><\/object><a id=\"wp-block-file--media-c2e3c6bc-6236-48c0-a378-758350ffd348\" href=\"https:\/\/metropolisconference.ca\/wp-content\/uploads\/2022\/03\/Metropolis-Americas-Program-SPA-links.pdf\">Metropolis-Americas-Program-SPA<\/a><a href=\"https:\/\/metropolisconference.ca\/wp-content\/uploads\/2022\/03\/Metropolis-Americas-Program-SPA-links.pdf\" class=\"wp-block-file__button\" download aria-describedby=\"wp-block-file--media-c2e3c6bc-6236-48c0-a378-758350ffd348\">Descargar<\/a><\/div>\n\n\n\n<p><\/p>\n<\/section>\n\n\n\n<p><\/p>\n","protected":false},"excerpt":{"rendered":"","protected":false},"featured_media":5150,"template":"","meta":{"_acf_changed":false,"footnotes":""},"class_list":["post-5033","event","type-event","status-publish","has-post-thumbnail","hentry"],"acf":[],"jetpack_sharing_enabled":true,"_links":{"self":[{"href":"https:\/\/metropolisconference.ca\/en\/wp-json\/wp\/v2\/event\/5033","targetHints":{"allow":["GET"]}}],"collection":[{"href":"https:\/\/metropolisconference.ca\/en\/wp-json\/wp\/v2\/event"}],"about":[{"href":"https:\/\/metropolisconference.ca\/en\/wp-json\/wp\/v2\/types\/event"}],"version-history":[{"count":54,"href":"https:\/\/metropolisconference.ca\/en\/wp-json\/wp\/v2\/event\/5033\/revisions"}],"predecessor-version":[{"id":6597,"href":"https:\/\/metropolisconference.ca\/en\/wp-json\/wp\/v2\/event\/5033\/revisions\/6597"}],"wp:featuredmedia":[{"embeddable":true,"href":"https:\/\/metropolisconference.ca\/en\/wp-json\/wp\/v2\/media\/5150"}],"wp:attachment":[{"href":"https:\/\/metropolisconference.ca\/en\/wp-json\/wp\/v2\/media?parent=5033"}],"curies":[{"name":"wp","href":"https:\/\/api.w.org\/{rel}","templated":true}]}}

<section class="wp-block-acerspyro-ca-tab-block" title="Summary">
<h2 class="has-text-align-center has-text-color wp-block-heading" id="summary" style="color:#599938"><strong>SUMMARY</strong></h2>



<div style="height:20px" aria-hidden="true" class="wp-block-spacer"></div>



<h2 class="has-text-align-center has-text-color wp-block-heading" id="metropolis-americas-inaugural-conference-in-collaboration-with-the-world-refugee-migration-council" style="color:#599938">Metropolis Americas&#8217; Inaugural Conference in Collaboration with the World Refugee &amp; Migration Council</h2>



<h2 class="has-text-align-center has-text-color wp-block-heading" id="bridging-the-americas-on-migration-integration-inclusion" style="color:#599938"><strong><strong>Bridging the Americas on Migration, Integration, Inclusion</strong></strong></h2>



<div style="height:20px" aria-hidden="true" class="wp-block-spacer"></div>



<p><em>To view the Spanish version, please <strong><a href="https://metropolisconference.ca/en/event/metropolis-americas-inaugural-conference-in-collaboration-with-the-world-refugee-and-migration-council/?view=Espa%25C3%25B1ol" target="_blank" data-type="URL" data-id="https://metropolisconference.ca/en/event/metropolis-americas-inaugural-conference-in-collaboration-with-the-world-refugee-and-migration-council/?view=Espa%25C3%25B1ol" rel="noreferrer noopener"><span style="text-decoration: underline;"><span class="has-inline-color has-vivid-cyan-blue-color">click here</span></span></a>.</strong></em></p>



<p><strong>Join Metropolis Americas’ inaugural event to be held virtually on March 23, 2022.</strong></p>



<p>The day-long conference in collaboration with the World Refugee &amp; Migration Council will be an opportunity to hear from experts and practitioners about the key pillars for an Americas conversation about migration. We will explore challenges of regional governance and migration flow management and discuss some of the root causes of regional migration as well as the impact of COVID19.&nbsp;</p>



<p>Over the past decades, the Metropolis Institute has pursued research and supported policy deliberations on a wide spectrum of issues related to migration, integration and inclusion within its dynamic multidisciplinary networks: Metropolis Canada, Metropolis North America focusing on Canada, the USA and Mexico and, since&nbsp; 2021, Metropolis Francophonie Mondiale.&nbsp;</p>



<p>The study of migration is the study of humanity on the move intertwined into the evolving fabric of our societies. This ever changing reality is now at the forefront of all national and international relations as we have seen during the November 2021 North American Leaders’ Summit. The ‘Tree Amigos’ meeting key deliverables shows the centrality of migration for security and prosperity. The need to establish a solid coordinated “<em>regional response based on the respect of laws and rooted in solidarity with migrants and among states”</em> requires that we expand our own conversation beyond North America to the Americas.</p>



<p>Many countries in the Hemisphere have become &#8216;source, transit and destination&#8217; of migrant populations. This results in more countries sharing similar challenges and opportunities if at different scales and with different capacities.&nbsp; The objective of a wider network is also to bring these changes to light and provide a better understanding of the migration continuum.</p>



<p>Join us as we formalize the transition from Metropolis North America to Metropolis Americas and start a new conversation.</p>



<p><strong>For additional information</strong>, <strong>e-mail </strong><span class="has-inline-color has-vivid-cyan-blue-color"><strong><span style="text-decoration: underline;">majomartinez@acs-aec.ca</span></strong>.</span></p>



<div style="height:20px" aria-hidden="true" class="wp-block-spacer"></div>



<p></p>
</section>



<section class="wp-block-acerspyro-ca-tab-block" title="Program">
<h2 class="has-text-align-center has-text-color wp-block-heading" id="preliminary-program" style="color:#599938">PROGRAM</h2>



<div data-wp-interactive="core/file" class="wp-block-file aligncenter"><object data-wp-bind--hidden="!state.hasPdfPreview" hidden class="wp-block-file__embed" data="https://metropolisconference.ca/wp-content/uploads/2022/03/Metropolis-Americas-Program-ENG-links.pdf" type="application/pdf" style="width:100%;height:600px" aria-label="Embed of Embed of Metropolis-Americas-Program-ENG.."></object><a id="wp-block-file--media-78321594-ae7b-483d-868a-efc1f08ee758" href="https://metropolisconference.ca/wp-content/uploads/2022/03/Metropolis-Americas-Program-ENG-links.pdf">Metropolis-Americas-Program-ENG</a><a href="https://metropolisconference.ca/wp-content/uploads/2022/03/Metropolis-Americas-Program-ENG-links.pdf" class="wp-block-file__button" download aria-describedby="wp-block-file--media-78321594-ae7b-483d-868a-efc1f08ee758">Download</a></div>



<div style="height:20px" aria-hidden="true" class="wp-block-spacer"></div>



<p class="has-text-align-center"></p>



<div style="height:20px" aria-hidden="true" class="wp-block-spacer"></div>
</section>



<section class="wp-block-acerspyro-ca-tab-block" title="Español">
<h2 class="has-text-align-center has-text-color wp-block-heading" id="resumen" style="color:#599938"><strong>Resumen</strong></h2>



<p></p>



<h2 class="has-text-align-center has-text-color wp-block-heading" id="conferencia-inaugural-de-metropolis-americas-en-colaboracion-con-el-consejo-mundial-para-los-refugiados-y-la-migracion" style="color:#599938">CONFERENCIA INAUGURAL DE METROPOLIS AMERICAS EN COLABORACIÓN CON EL CONSEJO MUNDIAL PARA LOS REFUGIADOS Y LA MIGRACIÓN </h2>



<h2 class="has-text-align-center has-text-color wp-block-heading" id="uniendo-a-las-americas-en-la-migracion-la-integracion-y-la-inclusion" style="color:#599938"><strong>UNIENDO A LAS AMÉRICAS EN LA MIGRACIÓN, LA INTEGRACIÓN Y LA INCLUSIÓN</strong></h2>



<div style="height:20px" aria-hidden="true" class="wp-block-spacer"></div>



<p><strong>Asista al evento inaugural de Metropolis Américas, que se celebrará virtualmente el 23 de Marzo de 2022.</strong></p>



<p>La conferencia de un día de duración, en colaboración con el Consejo Mundial para los Refugiados y la Migración, será una oportunidad para escuchar a expertos y profesionales sobre los pilares clave para una conversación de las Américas sobre la migración. Exploraremos los retos de la gobernanza regional y la gestión de los flujos migratorios y discutiremos algunas de las causas fundamentales de la migración regional, así como el impacto de COVID-19.</p>



<p>Durante las últimas décadas, el Instituto Metropolis ha investigado y apoyado las deliberaciones políticas sobre un amplio espectro de temas relacionados con la migración, la integración y la inclusión dentro de sus dinámicas redes multidisciplinares: Metropolis Canadá, Metropolis Norteamérica, centrada en Canadá, Estados Unidos y México, y, desde 2021, Metropolis Francophonie Mondiale.</p>



<p>El estudio de la migración es el estudio de la humanidad en movimiento entrelazada en el tejido evolutivo de nuestras sociedades. Esta realidad siempre cambiante está ahora en primera línea de todas las relaciones nacionales e internacionales, como hemos visto durante la Cumbre de Líderes de América del Norte de Noviembre de 2021. Los principales resultados de la reunión de &#8220;Los Tres Amigos&#8221; muestran la importancia de la migración para la seguridad y la prosperidad. La necesidad de establecer una sólida y coordinada &#8220;respuesta regional basada en el respeto de las leyes y arraigada en la solidaridad con los migrantes y entre los Estados&#8221; requiere que ampliemos nuestra propia conversación más allá de América del Norte hacia las Américas.</p>



<p>Muchos países del hemisferio se han convertido en &#8220;origen, tránsito y destino&#8221; de poblaciones migrantes. Esto hace que más países compartan retos y oportunidades similares, aunque a diferentes escalas y con diferentes capacidades. El objetivo de una red más amplia es también sacar a la luz estos cambios y proporcionar una mejor comprensión del continuo migratorio.</p>



<p>Acompáñenos en la formalización de la transición de Metropolis Norteamérica a Metropolis Américas y a entablar una nueva conversación.</p>



<p><strong>Para más información, envíe un correo electrónico a <span class="has-inline-color has-vivid-cyan-blue-color"><span style="text-decoration: underline;">majomartinez@acs-aec.ca</span>.</span></strong></p>



<hr class="wp-block-separator"/>



<h2 class="has-text-align-center has-text-color wp-block-heading" id="resumen" style="color:#599938"><strong>PROGRAMA</strong></h2>



<div data-wp-interactive="core/file" class="wp-block-file aligncenter"><object data-wp-bind--hidden="!state.hasPdfPreview" hidden class="wp-block-file__embed" data="https://metropolisconference.ca/wp-content/uploads/2022/03/Metropolis-Americas-Program-SPA-links.pdf" type="application/pdf" style="width:100%;height:600px" aria-label="Embed of Embed of Metropolis-Americas-Program-SPA.."></object><a id="wp-block-file--media-c2e3c6bc-6236-48c0-a378-758350ffd348" href="https://metropolisconference.ca/wp-content/uploads/2022/03/Metropolis-Americas-Program-SPA-links.pdf">Metropolis-Americas-Program-SPA</a><a href="https://metropolisconference.ca/wp-content/uploads/2022/03/Metropolis-Americas-Program-SPA-links.pdf" class="wp-block-file__button" download aria-describedby="wp-block-file--media-c2e3c6bc-6236-48c0-a378-758350ffd348">Descargar</a></div>



<p></p>
</section>



<p></p>
