{"id":2959,"date":"2021-01-05T11:05:47","date_gmt":"2021-01-05T16:05:47","guid":{"rendered":"https:\/\/metropolisconference.ca\/?post_type=event&#038;p=2959"},"modified":"2021-03-15T11:56:56","modified_gmt":"2021-03-15T16:56:56","slug":"23e-congres-metropolis-canada","status":"publish","type":"event","link":"https:\/\/metropolisconference.ca\/fr\/evenement\/23e-congres-metropolis-canada\/","title":{"rendered":"23e Congr\u00e8s Metropolis Canada"},"content":{"rendered":"\n<section class=\"wp-block-acerspyro-ca-tab-block\" title=\"R\u00c9SUM\u00c9\">\n<h2 class=\"has-text-align-center wp-block-heading\">R\u00e9SUM\u00e9<\/h2>\n\n\n\n<div style=\"height:20px\" aria-hidden=\"true\" class=\"wp-block-spacer\"><\/div>\n\n\n\n<center><iframe loading=\"lazy\" id=\"vp1YWw3M\" title=\"Video Player\" width=\"544\" height=\"306\" frameborder=\"0\" src=\"https:\/\/s3.amazonaws.com\/embed.animoto.com\/play.html?w=swf\/production\/vp1&amp;e=1614025566&amp;f=YWw3MS89EW4KVjU0BC30Bg&amp;d=0&amp;m=p&amp;r=360p+480p+720p&amp;volume=100&amp;start_res=720p&amp;i=m&amp;asset_domain=s3-p.animoto.com&amp;animoto_domain=animoto.com&amp;options=\" allowfullscreen=\"\"><\/iframe><\/center>\n\n\n\n<div style=\"height:20px\" aria-hidden=\"true\" class=\"wp-block-spacer\"><\/div>\n\n\n\n<p>La pand\u00e9mie de la COVID-19 a eu des r\u00e9percussions sans pr\u00e9c\u00e9dent sur les syst\u00e8mes sanitaires, sociaux et \u00e9conomiques mondiaux et, au Canada, elle a consid\u00e9rablement affect\u00e9 les nouveaux arrivants, les politiques d&rsquo;immigration et les prestations de services aux nouveaux arrivants.&nbsp;<\/p>\n\n\n\n<p>L&rsquo;immigration au Canada, la principale source de croissance d\u00e9mographique et de main-d&rsquo;\u0153uvre, a \u00e9t\u00e9 gravement perturb\u00e9e par la COVID-19. La baisse de l&rsquo;immigration entra\u00eene une diminution de la croissance d\u00e9mographique du Canada, ce qui compromet la croissance \u00e9conomique et la vitalit\u00e9 culturelle. En raison de la pand\u00e9mie de 2020, le Canada a vu son taux d&rsquo;immigration global \u00eatre r\u00e9duit de plus de la moiti\u00e9 comparativement \u00e0 l&rsquo;ann\u00e9e 2019.&nbsp;<\/p>\n\n\n\n<p>Afin de compenser le manque de nouveaux arrivants, le gouvernement du Canada a annonc\u00e9 qu&rsquo;\u00e0 partir de 2021, le pays accueillerait 400 000 nouveaux arrivants (l&rsquo;objectif pr\u00e9c\u00e9dent pour cette ann\u00e9e-l\u00e0 \u00e9tait d&rsquo;environ 350 000). Par ailleurs, des augmentations suppl\u00e9mentaires sont pr\u00e9vues au cours des deux prochaines ann\u00e9es afin de combler les importantes p\u00e9nuries du march\u00e9 du travail et de maintenir la comp\u00e9titivit\u00e9 du Canada sur la sc\u00e8ne mondiale.&nbsp;<\/p>\n\n\n\n<p>La pand\u00e9mie a mis en exergue la contribution que les immigrants apportent au bien-\u00eatre de nos communaut\u00e9s et \u00e0 notre syst\u00e8me de sant\u00e9, \u00e9tant donn\u00e9 qu&rsquo;un grand nombre d&rsquo;entre eux travaillent en premi\u00e8re ligne dans le pays.<\/p>\n\n\n\n<p>Nous sommes \u00e0 un moment critique de l&rsquo;histoire du Canada, un pays o\u00f9 l&rsquo;immigration a jou\u00e9 un r\u00f4le fondamental. Afin de relever les d\u00e9fis \u00e9conomiques et sociaux \u00e0 venir, il sera essentiel d&rsquo;assurer une coop\u00e9ration maximale entre les principaux partenaires et acteurs du secteur de l&rsquo;immigration. Il sera \u00e9galement de plus en plus important de s&rsquo;engager avec des partenaires en immigration \u00e0 l&rsquo;ext\u00e9rieur du Canada et avec diverses agences internationales.<\/p>\n\n\n\n<p><strong>\u00c0 cette fin, la 23e \u00e9dition du congr\u00e8s virtuel de cette ann\u00e9e, qui sera probablement le plus important Congr\u00e8s Metropolis \u00e0 ce jour, consacrera cinq jours cons\u00e9cutifs, du 22 au 26 mars 2021, aux d\u00e9lib\u00e9rations entre les fournisseurs de services, les d\u00e9cideurs politiques et les chercheurs sur l&rsquo;immigration, l&rsquo;int\u00e9gration et l&rsquo;\u00e9tablissement. Le congr\u00e8s se penchera sur l&rsquo;impact multiple et vari\u00e9 de la pand\u00e9mie sur les migrants, la migration et la mobilit\u00e9 ainsi que sur nos contributions collectives \u00e0 la r\u00e9action et la reprise face \u00e0 la COVID-19.&nbsp;<\/strong><\/p>\n\n\n\n<div style=\"height:50px\" aria-hidden=\"true\" class=\"wp-block-spacer\"><\/div>\n\n\n\n<div class=\"wp-block-image\"><figure class=\"aligncenter size-large is-resized\"><a href=\"https:\/\/metropolisconference.ca\/wp-content\/uploads\/2021\/03\/Image1.jpg\"><img decoding=\"async\" src=\"https:\/\/metropolisconference.ca\/wp-content\/uploads\/2021\/03\/Image1-1024x400.jpg\" alt=\"\" class=\"wp-image-3061\" width=\"750\" srcset=\"https:\/\/metropolisconference.ca\/wp-content\/uploads\/2021\/03\/Image1-1024x400.jpg 1024w, https:\/\/metropolisconference.ca\/wp-content\/uploads\/2021\/03\/Image1-300x117.jpg 300w, https:\/\/metropolisconference.ca\/wp-content\/uploads\/2021\/03\/Image1-768x300.jpg 768w, https:\/\/metropolisconference.ca\/wp-content\/uploads\/2021\/03\/Image1-1536x599.jpg 1536w, https:\/\/metropolisconference.ca\/wp-content\/uploads\/2021\/03\/Image1-600x234.jpg 600w, https:\/\/metropolisconference.ca\/wp-content\/uploads\/2021\/03\/Image1.jpg 1658w\" sizes=\"(max-width: 1024px) 100vw, 1024px\" \/><\/a><\/figure><\/div>\n<\/section>\n\n\n\n<section class=\"wp-block-acerspyro-ca-tab-block\" title=\"PROGRAMME\">\n<h2 class=\"has-text-align-center wp-block-heading\">Programme PR\u00c9LIMINAIRE<\/h2>\n\n\n\n<div style=\"height:20px\" aria-hidden=\"true\" class=\"wp-block-spacer\"><\/div>\n\n\n\n<h6 class=\"has-text-align-center wp-block-heading\"><strong>Le programme pr\u00e9liminaire de la 23e \u00e9dition du Congr\u00e8s Metropolis Canada est d\u00e9sormais disponible sur notre plateforme virtuelle du congr\u00e8s !<\/strong><\/h6>\n\n\n\n<h6 class=\"has-text-align-center wp-block-heading\">Vous pouvez d\u00e8s \u00e0 pr\u00e9sent consulter les ateliers, les tables rondes et les pr\u00e9sentations d&rsquo;affiches qui vous seront pr\u00e9sent\u00e9es lors du congr\u00e8s virtuel. <\/h6>\n\n\n\n<h6 class=\"has-text-align-center wp-block-heading\">Veuillez noter que ce programme est pr\u00e9liminaire et continue d&rsquo;\u00eatre mis \u00e0 jour r\u00e9guli\u00e8rement.<\/h6>\n\n\n\n<div style=\"height:50px\" aria-hidden=\"true\" class=\"wp-block-spacer\"><\/div>\n\n\n\n<div class=\"wp-block-buttons aligncenter is-layout-flex wp-block-buttons-is-layout-flex\">\n<div class=\"wp-block-button\"><a class=\"wp-block-button__link\" href=\"https:\/\/cvent.me\/qMP2Dw\" target=\"_blank\" rel=\"noreferrer noopener\"><strong>VOIR LE PROGRAMME<\/strong><\/a><\/div>\n<\/div>\n\n\n\n<div style=\"height:100px\" aria-hidden=\"true\" class=\"wp-block-spacer\"><\/div>\n\n\n\n<div class=\"wp-block-image\"><figure class=\"aligncenter size-large is-resized\"><a href=\"https:\/\/metropolisconference.ca\/wp-content\/uploads\/2021\/03\/Image1.jpg\"><img decoding=\"async\" src=\"https:\/\/metropolisconference.ca\/wp-content\/uploads\/2021\/03\/Image1-1024x400.jpg\" alt=\"\" class=\"wp-image-3061\" width=\"750\" srcset=\"https:\/\/metropolisconference.ca\/wp-content\/uploads\/2021\/03\/Image1-1024x400.jpg 1024w, https:\/\/metropolisconference.ca\/wp-content\/uploads\/2021\/03\/Image1-300x117.jpg 300w, https:\/\/metropolisconference.ca\/wp-content\/uploads\/2021\/03\/Image1-768x300.jpg 768w, https:\/\/metropolisconference.ca\/wp-content\/uploads\/2021\/03\/Image1-1536x599.jpg 1536w, https:\/\/metropolisconference.ca\/wp-content\/uploads\/2021\/03\/Image1-600x234.jpg 600w, https:\/\/metropolisconference.ca\/wp-content\/uploads\/2021\/03\/Image1.jpg 1658w\" sizes=\"(max-width: 1024px) 100vw, 1024px\" \/><\/a><\/figure><\/div>\n<\/section>\n\n\n\n<section class=\"wp-block-acerspyro-ca-tab-block\" title=\"INSCRIPTIONS\">\n<h2 class=\"has-text-align-center wp-block-heading\">Inscriptions<\/h2>\n\n\n\n<div style=\"height:20px\" aria-hidden=\"true\" class=\"wp-block-spacer\"><\/div>\n\n\n\n<h6 class=\"has-text-align-center wp-block-heading\"><strong>Les inscriptions pour le Congr\u00e8s Metropolis Canada sont d\u00e9sormais ouvertes !<\/strong><\/h6>\n\n\n\n<h6 class=\"has-text-align-center wp-block-heading\">R\u00e9servez d\u00e8s maintenant votre passe de conf\u00e9rence via la plateforme web du congr\u00e8s. <\/h6>\n\n\n\n<h6 class=\"has-text-align-center wp-block-heading\">Pour toute question ou difficult\u00e9 rencontr\u00e9e, veuillez communiquer avec nous \u00e0 metropolis@acs-aec.ca ou par t\u00e9l\u00e9phone au 514 925-3097.<\/h6>\n\n\n\n<div style=\"height:20px\" aria-hidden=\"true\" class=\"wp-block-spacer\"><\/div>\n\n\n\n<div class=\"wp-block-button aligncenter\"><a class=\"wp-block-button__link\" href=\"https:\/\/cvent.me\/ovKq88\" target=\"_blank\" rel=\"noreferrer noopener\"><strong>INSCRIVEZ-VOUS MAINTENANT<\/strong><\/a><\/div>\n\n\n\n<div style=\"height:100px\" aria-hidden=\"true\" class=\"wp-block-spacer\"><\/div>\n\n\n\n<div class=\"wp-block-image\"><figure class=\"aligncenter size-large is-resized\"><a href=\"https:\/\/metropolisconference.ca\/wp-content\/uploads\/2021\/03\/Image1.jpg\"><img decoding=\"async\" src=\"https:\/\/metropolisconference.ca\/wp-content\/uploads\/2021\/03\/Image1-1024x400.jpg\" alt=\"\" class=\"wp-image-3061\" width=\"750\" srcset=\"https:\/\/metropolisconference.ca\/wp-content\/uploads\/2021\/03\/Image1-1024x400.jpg 1024w, https:\/\/metropolisconference.ca\/wp-content\/uploads\/2021\/03\/Image1-300x117.jpg 300w, https:\/\/metropolisconference.ca\/wp-content\/uploads\/2021\/03\/Image1-768x300.jpg 768w, https:\/\/metropolisconference.ca\/wp-content\/uploads\/2021\/03\/Image1-1536x599.jpg 1536w, https:\/\/metropolisconference.ca\/wp-content\/uploads\/2021\/03\/Image1-600x234.jpg 600w, https:\/\/metropolisconference.ca\/wp-content\/uploads\/2021\/03\/Image1.jpg 1658w\" sizes=\"(max-width: 1024px) 100vw, 1024px\" \/><\/a><\/figure><\/div>\n<\/section>\n","protected":false},"excerpt":{"rendered":"","protected":false},"featured_media":3038,"template":"","meta":{"_acf_changed":false,"footnotes":""},"class_list":["post-2959","event","type-event","status-publish","has-post-thumbnail","hentry"],"acf":[],"jetpack_sharing_enabled":true,"_links":{"self":[{"href":"https:\/\/metropolisconference.ca\/fr\/wp-json\/wp\/v2\/event\/2959","targetHints":{"allow":["GET"]}}],"collection":[{"href":"https:\/\/metropolisconference.ca\/fr\/wp-json\/wp\/v2\/event"}],"about":[{"href":"https:\/\/metropolisconference.ca\/fr\/wp-json\/wp\/v2\/types\/event"}],"version-history":[{"count":25,"href":"https:\/\/metropolisconference.ca\/fr\/wp-json\/wp\/v2\/event\/2959\/revisions"}],"predecessor-version":[{"id":3066,"href":"https:\/\/metropolisconference.ca\/fr\/wp-json\/wp\/v2\/event\/2959\/revisions\/3066"}],"wp:featuredmedia":[{"embeddable":true,"href":"https:\/\/metropolisconference.ca\/fr\/wp-json\/wp\/v2\/media\/3038"}],"wp:attachment":[{"href":"https:\/\/metropolisconference.ca\/fr\/wp-json\/wp\/v2\/media?parent=2959"}],"curies":[{"name":"wp","href":"https:\/\/api.w.org\/{rel}","templated":true}]}}

23e Congrès Metropolis Canada

<section class="wp-block-acerspyro-ca-tab-block" title="RÉSUMÉ">
<h2 class="has-text-align-center wp-block-heading">RéSUMé</h2>



<div style="height:20px" aria-hidden="true" class="wp-block-spacer"></div>



<center><iframe loading="lazy" id="vp1YWw3M" title="Video Player" width="544" height="306" frameborder="0" src="https://s3.amazonaws.com/embed.animoto.com/play.html?w=swf/production/vp1&amp;e=1614025566&amp;f=YWw3MS89EW4KVjU0BC30Bg&amp;d=0&amp;m=p&amp;r=360p+480p+720p&amp;volume=100&amp;start_res=720p&amp;i=m&amp;asset_domain=s3-p.animoto.com&amp;animoto_domain=animoto.com&amp;options=" allowfullscreen=""></iframe></center>



<div style="height:20px" aria-hidden="true" class="wp-block-spacer"></div>



<p>La pandémie de la COVID-19 a eu des répercussions sans précédent sur les systèmes sanitaires, sociaux et économiques mondiaux et, au Canada, elle a considérablement affecté les nouveaux arrivants, les politiques d&rsquo;immigration et les prestations de services aux nouveaux arrivants.&nbsp;</p>



<p>L&rsquo;immigration au Canada, la principale source de croissance démographique et de main-d&rsquo;œuvre, a été gravement perturbée par la COVID-19. La baisse de l&rsquo;immigration entraîne une diminution de la croissance démographique du Canada, ce qui compromet la croissance économique et la vitalité culturelle. En raison de la pandémie de 2020, le Canada a vu son taux d&rsquo;immigration global être réduit de plus de la moitié comparativement à l&rsquo;année 2019.&nbsp;</p>



<p>Afin de compenser le manque de nouveaux arrivants, le gouvernement du Canada a annoncé qu&rsquo;à partir de 2021, le pays accueillerait 400 000 nouveaux arrivants (l&rsquo;objectif précédent pour cette année-là était d&rsquo;environ 350 000). Par ailleurs, des augmentations supplémentaires sont prévues au cours des deux prochaines années afin de combler les importantes pénuries du marché du travail et de maintenir la compétitivité du Canada sur la scène mondiale.&nbsp;</p>



<p>La pandémie a mis en exergue la contribution que les immigrants apportent au bien-être de nos communautés et à notre système de santé, étant donné qu&rsquo;un grand nombre d&rsquo;entre eux travaillent en première ligne dans le pays.</p>



<p>Nous sommes à un moment critique de l&rsquo;histoire du Canada, un pays où l&rsquo;immigration a joué un rôle fondamental. Afin de relever les défis économiques et sociaux à venir, il sera essentiel d&rsquo;assurer une coopération maximale entre les principaux partenaires et acteurs du secteur de l&rsquo;immigration. Il sera également de plus en plus important de s&rsquo;engager avec des partenaires en immigration à l&rsquo;extérieur du Canada et avec diverses agences internationales.</p>



<p><strong>À cette fin, la 23e édition du congrès virtuel de cette année, qui sera probablement le plus important Congrès Metropolis à ce jour, consacrera cinq jours consécutifs, du 22 au 26 mars 2021, aux délibérations entre les fournisseurs de services, les décideurs politiques et les chercheurs sur l&rsquo;immigration, l&rsquo;intégration et l&rsquo;établissement. Le congrès se penchera sur l&rsquo;impact multiple et varié de la pandémie sur les migrants, la migration et la mobilité ainsi que sur nos contributions collectives à la réaction et la reprise face à la COVID-19.&nbsp;</strong></p>



<div style="height:50px" aria-hidden="true" class="wp-block-spacer"></div>



<div class="wp-block-image"><figure class="aligncenter size-large is-resized"><a href="https://metropolisconference.ca/wp-content/uploads/2021/03/Image1.jpg"><img decoding="async" src="https://metropolisconference.ca/wp-content/uploads/2021/03/Image1-1024x400.jpg" alt="" class="wp-image-3061" width="750" srcset="https://metropolisconference.ca/wp-content/uploads/2021/03/Image1-1024x400.jpg 1024w, https://metropolisconference.ca/wp-content/uploads/2021/03/Image1-300x117.jpg 300w, https://metropolisconference.ca/wp-content/uploads/2021/03/Image1-768x300.jpg 768w, https://metropolisconference.ca/wp-content/uploads/2021/03/Image1-1536x599.jpg 1536w, https://metropolisconference.ca/wp-content/uploads/2021/03/Image1-600x234.jpg 600w, https://metropolisconference.ca/wp-content/uploads/2021/03/Image1.jpg 1658w" sizes="(max-width: 1024px) 100vw, 1024px" /></a></figure></div>
</section>



<section class="wp-block-acerspyro-ca-tab-block" title="PROGRAMME">
<h2 class="has-text-align-center wp-block-heading">Programme PRÉLIMINAIRE</h2>



<div style="height:20px" aria-hidden="true" class="wp-block-spacer"></div>



<h6 class="has-text-align-center wp-block-heading"><strong>Le programme préliminaire de la 23e édition du Congrès Metropolis Canada est désormais disponible sur notre plateforme virtuelle du congrès !</strong></h6>



<h6 class="has-text-align-center wp-block-heading">Vous pouvez dès à présent consulter les ateliers, les tables rondes et les présentations d&rsquo;affiches qui vous seront présentées lors du congrès virtuel. </h6>



<h6 class="has-text-align-center wp-block-heading">Veuillez noter que ce programme est préliminaire et continue d&rsquo;être mis à jour régulièrement.</h6>



<div style="height:50px" aria-hidden="true" class="wp-block-spacer"></div>



<div class="wp-block-buttons aligncenter is-layout-flex wp-block-buttons-is-layout-flex">
<div class="wp-block-button"><a class="wp-block-button__link" href="https://cvent.me/qMP2Dw" target="_blank" rel="noreferrer noopener"><strong>VOIR LE PROGRAMME</strong></a></div>
</div>



<div style="height:100px" aria-hidden="true" class="wp-block-spacer"></div>



<div class="wp-block-image"><figure class="aligncenter size-large is-resized"><a href="https://metropolisconference.ca/wp-content/uploads/2021/03/Image1.jpg"><img decoding="async" src="https://metropolisconference.ca/wp-content/uploads/2021/03/Image1-1024x400.jpg" alt="" class="wp-image-3061" width="750" srcset="https://metropolisconference.ca/wp-content/uploads/2021/03/Image1-1024x400.jpg 1024w, https://metropolisconference.ca/wp-content/uploads/2021/03/Image1-300x117.jpg 300w, https://metropolisconference.ca/wp-content/uploads/2021/03/Image1-768x300.jpg 768w, https://metropolisconference.ca/wp-content/uploads/2021/03/Image1-1536x599.jpg 1536w, https://metropolisconference.ca/wp-content/uploads/2021/03/Image1-600x234.jpg 600w, https://metropolisconference.ca/wp-content/uploads/2021/03/Image1.jpg 1658w" sizes="(max-width: 1024px) 100vw, 1024px" /></a></figure></div>
</section>



<section class="wp-block-acerspyro-ca-tab-block" title="INSCRIPTIONS">
<h2 class="has-text-align-center wp-block-heading">Inscriptions</h2>



<div style="height:20px" aria-hidden="true" class="wp-block-spacer"></div>



<h6 class="has-text-align-center wp-block-heading"><strong>Les inscriptions pour le Congrès Metropolis Canada sont désormais ouvertes !</strong></h6>



<h6 class="has-text-align-center wp-block-heading">Réservez dès maintenant votre passe de conférence via la plateforme web du congrès. </h6>



<h6 class="has-text-align-center wp-block-heading">Pour toute question ou difficulté rencontrée, veuillez communiquer avec nous à metropolis@acs-aec.ca ou par téléphone au 514 925-3097.</h6>



<div style="height:20px" aria-hidden="true" class="wp-block-spacer"></div>



<div class="wp-block-button aligncenter"><a class="wp-block-button__link" href="https://cvent.me/ovKq88" target="_blank" rel="noreferrer noopener"><strong>INSCRIVEZ-VOUS MAINTENANT</strong></a></div>



<div style="height:100px" aria-hidden="true" class="wp-block-spacer"></div>



<div class="wp-block-image"><figure class="aligncenter size-large is-resized"><a href="https://metropolisconference.ca/wp-content/uploads/2021/03/Image1.jpg"><img decoding="async" src="https://metropolisconference.ca/wp-content/uploads/2021/03/Image1-1024x400.jpg" alt="" class="wp-image-3061" width="750" srcset="https://metropolisconference.ca/wp-content/uploads/2021/03/Image1-1024x400.jpg 1024w, https://metropolisconference.ca/wp-content/uploads/2021/03/Image1-300x117.jpg 300w, https://metropolisconference.ca/wp-content/uploads/2021/03/Image1-768x300.jpg 768w, https://metropolisconference.ca/wp-content/uploads/2021/03/Image1-1536x599.jpg 1536w, https://metropolisconference.ca/wp-content/uploads/2021/03/Image1-600x234.jpg 600w, https://metropolisconference.ca/wp-content/uploads/2021/03/Image1.jpg 1658w" sizes="(max-width: 1024px) 100vw, 1024px" /></a></figure></div>
</section>
