{"id":5036,"date":"2022-02-10T17:10:40","date_gmt":"2022-02-10T22:10:40","guid":{"rendered":"https:\/\/metropolisconference.ca\/?post_type=event&#038;p=5036"},"modified":"2022-04-13T11:21:36","modified_gmt":"2022-04-13T15:21:36","slug":"conference-inaugurale-metropolis-ameriques-en-collaboration-avec-le-conseil-mondial-pour-les-refugies-et-la-migration","status":"publish","type":"event","link":"https:\/\/metropolisconference.ca\/fr\/evenement\/conference-inaugurale-metropolis-ameriques-en-collaboration-avec-le-conseil-mondial-pour-les-refugies-et-la-migration\/","title":{"rendered":"Conf\u00e9rence Inaugurale Metropolis Am\u00e9riques en Collaboration avec le Conseil Mondial pour les R\u00e9fugi\u00e9s et la Migration"},"content":{"rendered":"\n<p><\/p>\n\n\n\n<section class=\"wp-block-acerspyro-ca-tab-block\" title=\"R\u00e9sum\u00e9\">\n<h2 class=\"has-text-align-center has-text-color wp-block-heading\" id=\"resume\" style=\"color:#599938\">R\u00c9SUM\u00c9<\/h2>\n\n\n\n<h2 class=\"has-text-align-center has-text-color wp-block-heading\" id=\"conference-inaugurale-metropolis-ameriques-en-collaboration-avec-le-conseil-mondial-pour-les-refugies-et-la-migration\" style=\"color:#599938\">CONF\u00c9RENCE INAUGURALE METROPOLIS AM\u00c9RIQUES EN COLLABORATION AVEC LE CONSEIL MONDIAL POUR LES R\u00c9FUGI\u00c9S ET LA MIGRATION<\/h2>\n\n\n\n<h2 class=\"has-text-align-center has-text-color wp-block-heading\" id=\"unir-les-ameriques-sur-la-migration-l-integration-et-l-inclusion\" style=\"color:#599938\"><br><strong>UNIR LES AM\u00c9RIQUES SUR LA MIGRATION, L\u2019INT\u00c9GRATION ET L\u2019INCLUSION<\/strong><\/h2>\n\n\n\n<div style=\"height:20px\" aria-hidden=\"true\" class=\"wp-block-spacer\"><\/div>\n\n\n\n<p><em>Pour la version en espagnol, <\/em><strong><a href=\"https:\/\/metropolisconference.ca\/fr\/evenement\/conference-inaugurale-metropolis-ameriques-en-collaboration-avec-le-conseil-mondial-pour-les-refugies-et-la-migration\/?view=Espa%25C3%25B1ol\" target=\"_blank\" data-type=\"URL\" data-id=\"https:\/\/metropolisconference.ca\/fr\/evenement\/conference-inaugurale-metropolis-ameriques-en-collaboration-avec-le-conseil-mondial-pour-les-refugies-et-la-migration\/?view=Espa%25C3%25B1ol\" rel=\"noreferrer noopener\"><span style=\"text-decoration: underline;\"><span class=\"has-inline-color has-vivid-cyan-blue-color\"><em>cliquer ici.<\/em><\/span><\/span><\/a><\/strong><em><a href=\"https:\/\/metropolisconference.ca\/fr\/evenement\/conference-inaugurale-metropolis-ameriques-en-collaboration-avec-le-conseil-mondial-pour-les-refugies-et-la-migration\/?view=Espa%25C3%25B1ol\" target=\"_blank\" data-type=\"URL\" data-id=\"https:\/\/metropolisconference.ca\/fr\/evenement\/conference-inaugurale-metropolis-ameriques-en-collaboration-avec-le-conseil-mondial-pour-les-refugies-et-la-migration\/?view=Espa%25C3%25B1ol\" rel=\"noreferrer noopener\"><span style=\"text-decoration: underline;\"><span class=\"has-inline-color has-vivid-cyan-blue-color\">&nbsp;<\/span><\/span><\/a><\/em><\/p>\n\n\n\n<p><strong>Joignez-vous \u00e0 la conf\u00e9rence inaugurale de Metropolis Am\u00e9riques qui aura lieu virtuellement le 23 mars 2022.&nbsp;<\/strong><\/p>\n\n\n\n<p>La conf\u00e9rence d&rsquo;une journ\u00e9e en collaboration avec le Conseil mondial pour les r\u00e9fugi\u00e9s et la migration sera l&rsquo;occasion d&rsquo;entendre des experts et des praticiens parler des principaux piliers pour d\u00e9velopper une conversation pan-am\u00e9ricaine sur la migration. Nous explorerons les d\u00e9fis de la gouvernance r\u00e9gionale et de la gestion des flux migratoires et discuterons de certaines des causes profondes de la migration r\u00e9gionale ainsi que de l&rsquo;impact de la COVID19.<\/p>\n\n\n\n<p>Au cours des derni\u00e8res d\u00e9cennies, l&rsquo;Institut Metropolis a poursuivi des recherches et soutenu des d\u00e9lib\u00e9rations politiques sur un large \u00e9ventail de questions li\u00e9es \u00e0 la migration, \u00e0 l&rsquo;int\u00e9gration et \u00e0 l&rsquo;inclusion au sein de ses r\u00e9seaux multidisciplinaires dynamiques : Metropolis Canada, Metropolis Am\u00e9rique du Nord ax\u00e9 sur le Canada, les \u00c9tats-Unis et le Mexique et, depuis 2021, Metropolis Francophonie Mondiale.<\/p>\n\n\n\n<p>L&rsquo;\u00e9tude de la migration est l&rsquo;\u00e9tude de l&rsquo;humanit\u00e9 en mouvement entrelac\u00e9e dans le tissu en \u00e9volution de nos soci\u00e9t\u00e9s. Cette r\u00e9alit\u00e9 en constante transformation est maintenant au premier plan de toutes les relations nationales et internationales, comme nous l&rsquo;avons vu lors du Sommet des leaders nord-am\u00e9ricains de novembre 2021. Les r\u00e9sultats attendus de la r\u00e9union des \u00abTrois Amigos \u00bb montrent la centralit\u00e9 de la migration pour la s\u00e9curit\u00e9 et la prosp\u00e9rit\u00e9. La n\u00e9cessit\u00e9 d&rsquo;\u00e9tablir une solide \u00ab r\u00e9ponse r\u00e9gionale coordonn\u00e9e dans le respect du droit, ancr\u00e9e dans la solidarit\u00e9 avec les migrants et entre les \u00c9tats \u00bb exige que nous \u00e9largissions notre propre conversation au-del\u00e0 de l&rsquo;Am\u00e9rique du Nord vers les Am\u00e9riques.<\/p>\n\n\n\n<p>De nombreux pays de l&rsquo;h\u00e9misph\u00e8re sont devenus \u00ab la source, le transit et la destination \u00bb des populations migrantes. Cela se traduit par un plus grand nombre de pays partageant les m\u00eames d\u00e9fis et opportunit\u00e9s, bien qu\u2019\u00e0 diff\u00e9rentes \u00e9chelles et degr\u00e9s de capacit\u00e9s. L&rsquo;objectif d&rsquo;un r\u00e9seau \u00e9largi est aussi de mettre en lumi\u00e8re ces changements et de permettre une meilleure compr\u00e9hension du continuum migratoire.<\/p>\n\n\n\n<p>Joignez-vous \u00e0 nous alors que nous officialisons la transition de Metropolis Am\u00e9rique du Nord \u00e0 Metropolis Am\u00e9riques et entamons une nouvelle conversation.<\/p>\n\n\n\n<p><br><strong>Pour plus d&rsquo;informations, contactez&nbsp;<span style=\"text-decoration: underline;\"><span class=\"has-inline-color has-vivid-cyan-blue-color\">majomartinez@acs-aec.ca<\/span><\/span><\/strong><\/p>\n<\/section>\n\n\n\n<section class=\"wp-block-acerspyro-ca-tab-block\" title=\"Programme\">\n<h2 class=\"has-text-align-center has-text-color wp-block-heading\" id=\"programme\" style=\"color:#599938\">PROGRAMME<\/h2>\n\n\n\n<div style=\"height:20px\" aria-hidden=\"true\" class=\"wp-block-spacer\"><\/div>\n\n\n\n<div data-wp-interactive=\"core\/file\" class=\"wp-block-file\"><object data-wp-bind--hidden=\"!state.hasPdfPreview\" hidden class=\"wp-block-file__embed\" data=\"https:\/\/metropolisconference.ca\/wp-content\/uploads\/2022\/03\/Metropolis-Americas-Program-FR-links.pdf\" type=\"application\/pdf\" style=\"width:100%;height:600px\" aria-label=\"Contenu embarqu\u00e9 Embed of Metropolis-Americas-Program-FR..\"><\/object><a id=\"wp-block-file--media-ffc55d8f-801b-47a1-a2ba-d87e520e747a\" href=\"https:\/\/metropolisconference.ca\/wp-content\/uploads\/2022\/03\/Metropolis-Americas-Program-FR-links.pdf\">Metropolis-Americas-Program-FR<\/a><a href=\"https:\/\/metropolisconference.ca\/wp-content\/uploads\/2022\/03\/Metropolis-Americas-Program-FR-links.pdf\" class=\"wp-block-file__button\" download aria-describedby=\"wp-block-file--media-ffc55d8f-801b-47a1-a2ba-d87e520e747a\">T\u00e9l\u00e9charger<\/a><\/div>\n\n\n\n<div style=\"height:20px\" aria-hidden=\"true\" class=\"wp-block-spacer\"><\/div>\n<\/section>\n\n\n\n<section class=\"wp-block-acerspyro-ca-tab-block\" title=\"Espa\u00f1ol\">\n<h2 class=\"has-text-align-center has-text-color wp-block-heading\" id=\"resumen\" style=\"color:#599938\">Resumen<\/h2>\n\n\n\n<h2 class=\"has-text-align-center has-text-color wp-block-heading\" id=\"conferencia-inaugural-de-metropolis-americas-en-colaboracion-con-el-consejo-mundial-para-los-refugiados-y-la-migracion\" style=\"color:#599938\">CONFERENCIA INAUGURAL DE METROPOLIS AMERICAS EN COLABORACI\u00d3N CON EL CONSEJO MUNDIAL PARA LOS REFUGIADOS Y LA MIGRACI\u00d3N<\/h2>\n\n\n\n<h2 class=\"has-text-align-center has-text-color wp-block-heading\" id=\"uniendo-a-las-americas-en-la-migracion-la-integracion-y-la-inclusion\" style=\"color:#599938\"><br><strong>UNIENDO A LAS AM\u00c9RICAS EN LA MIGRACI\u00d3N, LA INTEGRACI\u00d3N Y LA INCLUSI\u00d3N<\/strong><\/h2>\n\n\n\n<div style=\"height:20px\" aria-hidden=\"true\" class=\"wp-block-spacer\"><\/div>\n\n\n\n<p><strong>Asista al evento inaugural de Metropolis Am\u00e9ricas, que se celebrar\u00e1 virtualmente el 23 de Marzo de 2022.<\/strong><\/p>\n\n\n\n<p>La conferencia de un d\u00eda de duraci\u00f3n, en colaboraci\u00f3n con el Consejo Mundial para los Refugiados y la Migraci\u00f3n, ser\u00e1 una oportunidad para escuchar a expertos y profesionales sobre los pilares clave para una conversaci\u00f3n de las Am\u00e9ricas sobre la migraci\u00f3n. Exploraremos los retos de la gobernanza regional y la gesti\u00f3n de los flujos migratorios y discutiremos algunas de las causas fundamentales de la migraci\u00f3n regional, as\u00ed como el impacto de COVID-19.<\/p>\n\n\n\n<p>Durante las \u00faltimas d\u00e9cadas, el Instituto Metropolis ha investigado y apoyado las deliberaciones pol\u00edticas sobre un amplio espectro de temas relacionados con la migraci\u00f3n, la integraci\u00f3n y la inclusi\u00f3n dentro de sus din\u00e1micas redes multidisciplinares: Metropolis Canad\u00e1, Metropolis Norteam\u00e9rica, centrada en Canad\u00e1, Estados Unidos y M\u00e9xico, y, desde 2021, Metropolis Francophonie Mondiale.<\/p>\n\n\n\n<p>El estudio de la migraci\u00f3n es el estudio de la humanidad en movimiento entrelazada en el tejido evolutivo de nuestras sociedades. Esta realidad siempre cambiante est\u00e1 ahora en primera l\u00ednea de todas las relaciones nacionales e internacionales, como hemos visto durante la Cumbre de L\u00edderes de Am\u00e9rica del Norte de Noviembre de 2021. Los principales resultados de la reuni\u00f3n de \u00ab\u00a0Los Tres Amigos\u00a0\u00bb muestran la importancia de la migraci\u00f3n para la seguridad y la prosperidad. La necesidad de establecer una s\u00f3lida y coordinada \u00ab\u00a0respuesta regional basada en el respeto de las leyes y arraigada en la solidaridad con los migrantes y entre los Estados\u00a0\u00bb requiere que ampliemos nuestra propia conversaci\u00f3n m\u00e1s all\u00e1 de Am\u00e9rica del Norte hacia las Am\u00e9ricas.<\/p>\n\n\n\n<p>Muchos pa\u00edses del hemisferio se han convertido en \u00ab\u00a0origen, tr\u00e1nsito y destino\u00a0\u00bb de poblaciones migrantes. Esto hace que m\u00e1s pa\u00edses compartan retos y oportunidades similares, aunque a diferentes escalas y con diferentes capacidades. El objetivo de una red m\u00e1s amplia es tambi\u00e9n sacar a la luz estos cambios y proporcionar una mejor comprensi\u00f3n del continuo migratorio.<\/p>\n\n\n\n<p>Acomp\u00e1\u00f1enos en la formalizaci\u00f3n de la transici\u00f3n de Metropolis Norteam\u00e9rica a Metropolis Am\u00e9ricas y a entablar una nueva conversaci\u00f3n.<\/p>\n\n\n\n<p><strong>Para m\u00e1s informaci\u00f3n, env\u00ede un correo electr\u00f3nico a <span style=\"text-decoration: underline;\"><span class=\"has-inline-color has-vivid-cyan-blue-color\">majomartinez@acs-aec.ca.<\/span><\/span><\/strong><\/p>\n\n\n\n<hr class=\"wp-block-separator\"\/>\n\n\n\n<h2 class=\"has-text-align-center has-text-color wp-block-heading\" style=\"color:#599938\">PROGRAMA<\/h2>\n\n\n\n<div data-wp-interactive=\"core\/file\" class=\"wp-block-file\"><object data-wp-bind--hidden=\"!state.hasPdfPreview\" hidden class=\"wp-block-file__embed\" data=\"https:\/\/metropolisconference.ca\/wp-content\/uploads\/2022\/03\/Metropolis-Americas-Program-SPA-links-1.pdf\" type=\"application\/pdf\" style=\"width:100%;height:600px\" aria-label=\"Contenu embarqu\u00e9 Embed of Metropolis-Americas-Program-SPA..\"><\/object><a id=\"wp-block-file--media-d350c81f-c721-44e8-bb03-dba941bc57c6\" href=\"https:\/\/metropolisconference.ca\/wp-content\/uploads\/2022\/03\/Metropolis-Americas-Program-SPA-links-1.pdf\">Metropolis-Americas-Program-SPA<\/a><a href=\"https:\/\/metropolisconference.ca\/wp-content\/uploads\/2022\/03\/Metropolis-Americas-Program-SPA-links-1.pdf\" class=\"wp-block-file__button\" download aria-describedby=\"wp-block-file--media-d350c81f-c721-44e8-bb03-dba941bc57c6\">Descargue aqu\u00ed<\/a><\/div>\n<\/section>\n","protected":false},"excerpt":{"rendered":"","protected":false},"featured_media":5211,"template":"","meta":{"_acf_changed":false,"footnotes":""},"class_list":["post-5036","event","type-event","status-publish","has-post-thumbnail","hentry"],"acf":[],"jetpack_sharing_enabled":true,"_links":{"self":[{"href":"https:\/\/metropolisconference.ca\/fr\/wp-json\/wp\/v2\/event\/5036","targetHints":{"allow":["GET"]}}],"collection":[{"href":"https:\/\/metropolisconference.ca\/fr\/wp-json\/wp\/v2\/event"}],"about":[{"href":"https:\/\/metropolisconference.ca\/fr\/wp-json\/wp\/v2\/types\/event"}],"version-history":[{"count":30,"href":"https:\/\/metropolisconference.ca\/fr\/wp-json\/wp\/v2\/event\/5036\/revisions"}],"predecessor-version":[{"id":6601,"href":"https:\/\/metropolisconference.ca\/fr\/wp-json\/wp\/v2\/event\/5036\/revisions\/6601"}],"wp:featuredmedia":[{"embeddable":true,"href":"https:\/\/metropolisconference.ca\/fr\/wp-json\/wp\/v2\/media\/5211"}],"wp:attachment":[{"href":"https:\/\/metropolisconference.ca\/fr\/wp-json\/wp\/v2\/media?parent=5036"}],"curies":[{"name":"wp","href":"https:\/\/api.w.org\/{rel}","templated":true}]}}

Conférence Inaugurale Metropolis Amériques en Collaboration avec le Conseil Mondial pour les Réfugiés et la Migration

<p></p>



<section class="wp-block-acerspyro-ca-tab-block" title="Résumé">
<h2 class="has-text-align-center has-text-color wp-block-heading" id="resume" style="color:#599938">RÉSUMÉ</h2>



<h2 class="has-text-align-center has-text-color wp-block-heading" id="conference-inaugurale-metropolis-ameriques-en-collaboration-avec-le-conseil-mondial-pour-les-refugies-et-la-migration" style="color:#599938">CONFÉRENCE INAUGURALE METROPOLIS AMÉRIQUES EN COLLABORATION AVEC LE CONSEIL MONDIAL POUR LES RÉFUGIÉS ET LA MIGRATION</h2>



<h2 class="has-text-align-center has-text-color wp-block-heading" id="unir-les-ameriques-sur-la-migration-l-integration-et-l-inclusion" style="color:#599938"><br><strong>UNIR LES AMÉRIQUES SUR LA MIGRATION, L’INTÉGRATION ET L’INCLUSION</strong></h2>



<div style="height:20px" aria-hidden="true" class="wp-block-spacer"></div>



<p><em>Pour la version en espagnol, </em><strong><a href="https://metropolisconference.ca/fr/evenement/conference-inaugurale-metropolis-ameriques-en-collaboration-avec-le-conseil-mondial-pour-les-refugies-et-la-migration/?view=Espa%25C3%25B1ol" target="_blank" data-type="URL" data-id="https://metropolisconference.ca/fr/evenement/conference-inaugurale-metropolis-ameriques-en-collaboration-avec-le-conseil-mondial-pour-les-refugies-et-la-migration/?view=Espa%25C3%25B1ol" rel="noreferrer noopener"><span style="text-decoration: underline;"><span class="has-inline-color has-vivid-cyan-blue-color"><em>cliquer ici.</em></span></span></a></strong><em><a href="https://metropolisconference.ca/fr/evenement/conference-inaugurale-metropolis-ameriques-en-collaboration-avec-le-conseil-mondial-pour-les-refugies-et-la-migration/?view=Espa%25C3%25B1ol" target="_blank" data-type="URL" data-id="https://metropolisconference.ca/fr/evenement/conference-inaugurale-metropolis-ameriques-en-collaboration-avec-le-conseil-mondial-pour-les-refugies-et-la-migration/?view=Espa%25C3%25B1ol" rel="noreferrer noopener"><span style="text-decoration: underline;"><span class="has-inline-color has-vivid-cyan-blue-color">&nbsp;</span></span></a></em></p>



<p><strong>Joignez-vous à la conférence inaugurale de Metropolis Amériques qui aura lieu virtuellement le 23 mars 2022.&nbsp;</strong></p>



<p>La conférence d&rsquo;une journée en collaboration avec le Conseil mondial pour les réfugiés et la migration sera l&rsquo;occasion d&rsquo;entendre des experts et des praticiens parler des principaux piliers pour développer une conversation pan-américaine sur la migration. Nous explorerons les défis de la gouvernance régionale et de la gestion des flux migratoires et discuterons de certaines des causes profondes de la migration régionale ainsi que de l&rsquo;impact de la COVID19.</p>



<p>Au cours des dernières décennies, l&rsquo;Institut Metropolis a poursuivi des recherches et soutenu des délibérations politiques sur un large éventail de questions liées à la migration, à l&rsquo;intégration et à l&rsquo;inclusion au sein de ses réseaux multidisciplinaires dynamiques : Metropolis Canada, Metropolis Amérique du Nord axé sur le Canada, les États-Unis et le Mexique et, depuis 2021, Metropolis Francophonie Mondiale.</p>



<p>L&rsquo;étude de la migration est l&rsquo;étude de l&rsquo;humanité en mouvement entrelacée dans le tissu en évolution de nos sociétés. Cette réalité en constante transformation est maintenant au premier plan de toutes les relations nationales et internationales, comme nous l&rsquo;avons vu lors du Sommet des leaders nord-américains de novembre 2021. Les résultats attendus de la réunion des «Trois Amigos » montrent la centralité de la migration pour la sécurité et la prospérité. La nécessité d&rsquo;établir une solide « réponse régionale coordonnée dans le respect du droit, ancrée dans la solidarité avec les migrants et entre les États » exige que nous élargissions notre propre conversation au-delà de l&rsquo;Amérique du Nord vers les Amériques.</p>



<p>De nombreux pays de l&rsquo;hémisphère sont devenus « la source, le transit et la destination » des populations migrantes. Cela se traduit par un plus grand nombre de pays partageant les mêmes défis et opportunités, bien qu’à différentes échelles et degrés de capacités. L&rsquo;objectif d&rsquo;un réseau élargi est aussi de mettre en lumière ces changements et de permettre une meilleure compréhension du continuum migratoire.</p>



<p>Joignez-vous à nous alors que nous officialisons la transition de Metropolis Amérique du Nord à Metropolis Amériques et entamons une nouvelle conversation.</p>



<p><br><strong>Pour plus d&rsquo;informations, contactez&nbsp;<span style="text-decoration: underline;"><span class="has-inline-color has-vivid-cyan-blue-color">majomartinez@acs-aec.ca</span></span></strong></p>
</section>



<section class="wp-block-acerspyro-ca-tab-block" title="Programme">
<h2 class="has-text-align-center has-text-color wp-block-heading" id="programme" style="color:#599938">PROGRAMME</h2>



<div style="height:20px" aria-hidden="true" class="wp-block-spacer"></div>



<div data-wp-interactive="core/file" class="wp-block-file"><object data-wp-bind--hidden="!state.hasPdfPreview" hidden class="wp-block-file__embed" data="https://metropolisconference.ca/wp-content/uploads/2022/03/Metropolis-Americas-Program-FR-links.pdf" type="application/pdf" style="width:100%;height:600px" aria-label="Contenu embarqué Embed of Metropolis-Americas-Program-FR.."></object><a id="wp-block-file--media-ffc55d8f-801b-47a1-a2ba-d87e520e747a" href="https://metropolisconference.ca/wp-content/uploads/2022/03/Metropolis-Americas-Program-FR-links.pdf">Metropolis-Americas-Program-FR</a><a href="https://metropolisconference.ca/wp-content/uploads/2022/03/Metropolis-Americas-Program-FR-links.pdf" class="wp-block-file__button" download aria-describedby="wp-block-file--media-ffc55d8f-801b-47a1-a2ba-d87e520e747a">Télécharger</a></div>



<div style="height:20px" aria-hidden="true" class="wp-block-spacer"></div>
</section>



<section class="wp-block-acerspyro-ca-tab-block" title="Español">
<h2 class="has-text-align-center has-text-color wp-block-heading" id="resumen" style="color:#599938">Resumen</h2>



<h2 class="has-text-align-center has-text-color wp-block-heading" id="conferencia-inaugural-de-metropolis-americas-en-colaboracion-con-el-consejo-mundial-para-los-refugiados-y-la-migracion" style="color:#599938">CONFERENCIA INAUGURAL DE METROPOLIS AMERICAS EN COLABORACIÓN CON EL CONSEJO MUNDIAL PARA LOS REFUGIADOS Y LA MIGRACIÓN</h2>



<h2 class="has-text-align-center has-text-color wp-block-heading" id="uniendo-a-las-americas-en-la-migracion-la-integracion-y-la-inclusion" style="color:#599938"><br><strong>UNIENDO A LAS AMÉRICAS EN LA MIGRACIÓN, LA INTEGRACIÓN Y LA INCLUSIÓN</strong></h2>



<div style="height:20px" aria-hidden="true" class="wp-block-spacer"></div>



<p><strong>Asista al evento inaugural de Metropolis Américas, que se celebrará virtualmente el 23 de Marzo de 2022.</strong></p>



<p>La conferencia de un día de duración, en colaboración con el Consejo Mundial para los Refugiados y la Migración, será una oportunidad para escuchar a expertos y profesionales sobre los pilares clave para una conversación de las Américas sobre la migración. Exploraremos los retos de la gobernanza regional y la gestión de los flujos migratorios y discutiremos algunas de las causas fundamentales de la migración regional, así como el impacto de COVID-19.</p>



<p>Durante las últimas décadas, el Instituto Metropolis ha investigado y apoyado las deliberaciones políticas sobre un amplio espectro de temas relacionados con la migración, la integración y la inclusión dentro de sus dinámicas redes multidisciplinares: Metropolis Canadá, Metropolis Norteamérica, centrada en Canadá, Estados Unidos y México, y, desde 2021, Metropolis Francophonie Mondiale.</p>



<p>El estudio de la migración es el estudio de la humanidad en movimiento entrelazada en el tejido evolutivo de nuestras sociedades. Esta realidad siempre cambiante está ahora en primera línea de todas las relaciones nacionales e internacionales, como hemos visto durante la Cumbre de Líderes de América del Norte de Noviembre de 2021. Los principales resultados de la reunión de « Los Tres Amigos » muestran la importancia de la migración para la seguridad y la prosperidad. La necesidad de establecer una sólida y coordinada « respuesta regional basada en el respeto de las leyes y arraigada en la solidaridad con los migrantes y entre los Estados » requiere que ampliemos nuestra propia conversación más allá de América del Norte hacia las Américas.</p>



<p>Muchos países del hemisferio se han convertido en « origen, tránsito y destino » de poblaciones migrantes. Esto hace que más países compartan retos y oportunidades similares, aunque a diferentes escalas y con diferentes capacidades. El objetivo de una red más amplia es también sacar a la luz estos cambios y proporcionar una mejor comprensión del continuo migratorio.</p>



<p>Acompáñenos en la formalización de la transición de Metropolis Norteamérica a Metropolis Américas y a entablar una nueva conversación.</p>



<p><strong>Para más información, envíe un correo electrónico a <span style="text-decoration: underline;"><span class="has-inline-color has-vivid-cyan-blue-color">majomartinez@acs-aec.ca.</span></span></strong></p>



<hr class="wp-block-separator"/>



<h2 class="has-text-align-center has-text-color wp-block-heading" style="color:#599938">PROGRAMA</h2>



<div data-wp-interactive="core/file" class="wp-block-file"><object data-wp-bind--hidden="!state.hasPdfPreview" hidden class="wp-block-file__embed" data="https://metropolisconference.ca/wp-content/uploads/2022/03/Metropolis-Americas-Program-SPA-links-1.pdf" type="application/pdf" style="width:100%;height:600px" aria-label="Contenu embarqué Embed of Metropolis-Americas-Program-SPA.."></object><a id="wp-block-file--media-d350c81f-c721-44e8-bb03-dba941bc57c6" href="https://metropolisconference.ca/wp-content/uploads/2022/03/Metropolis-Americas-Program-SPA-links-1.pdf">Metropolis-Americas-Program-SPA</a><a href="https://metropolisconference.ca/wp-content/uploads/2022/03/Metropolis-Americas-Program-SPA-links-1.pdf" class="wp-block-file__button" download aria-describedby="wp-block-file--media-d350c81f-c721-44e8-bb03-dba941bc57c6">Descargue aquí</a></div>
</section>
